{"id":6119,"date":"2025-09-11T02:39:48","date_gmt":"2025-09-11T02:39:48","guid":{"rendered":"https:\/\/dev.mediumterm.ch\/\/listing\/casa-bader\/"},"modified":"2026-09-01T00:00:36","modified_gmt":"2026-09-01T00:00:36","slug":"casa-bader","status":"publish","type":"listing","link":"https:\/\/mediumterm.ch\/de\/listing\/casa-bader\/","title":{"rendered":"Casa Bader \u2013 Seeblick-Apartment mit Pool &amp; Sauna"},"content":{"rendered":"<p>Machen Sie daraus eine erholsame Auszeit am See mit einem Aufenthalt in diesem Apartment mit 2 Doppelzimmern, Pool und authentischer Lage im Seeerdorf Riva San Vitale!<\/p>\n<p>Eingebettet zwischen den schweizerisch-italienischen St\u00e4dten Lugano und Como bietet dieses gut ausgestattete Apartment mit Seeblick in Riva San Vitale einen strategischen, ganzj\u00e4hrigen Urlaubsort, um die wundersch\u00f6ne Seenregion zu erkunden.<\/p>\n<p>Im Inneren bietet das paar- und gruppenfreundliche Apartment ein Wohnzimmer mit Seeblick, einem Doppelschlafsofa, einem Flachbild-Sat-TV und einem malerischen Essbereich sowie eine separate, modernisierte K\u00fcche. T\u00fcren f\u00fchren direkt hinaus auf eine sonnige private Seeblickterrasse, die mit einem Essbereich im Freien, einem Grill und mehreren Sonnenliegen ausgestattet ist. Ein ger\u00e4umiges Doppelzimmer mit Zugang zu einem m\u00f6blierten, privaten Balkon wird durch ein zweites Doppelzimmer und zwei modernisierte Badezimmer (eines mit Badewanne und Dusche, das andere mit Dusche) erg\u00e4nzt.<\/p>\n<p>Die Wohnung im 3. Stock befindet sich in einem 4-st\u00f6ckigen Wohnhaus mit Aufzug und einem ganzj\u00e4hrig ge\u00f6ffneten, gemeinschaftlichen beheizten Hallenbad mit Sauna. Ein privater Parkplatz sorgt zudem f\u00fcr zus\u00e4tzlichen Komfort.<\/p>\n<p>Schlafen<br \/>\nSchlafzimmer 1: Ein ger\u00e4umiges Doppelzimmer mit Kleiderschrank und Balkonzugang<br \/>\nSchlafzimmer 2: Ein erholsames Doppelzimmer mit Stauraum \u00fcber dem Kopf<br \/>\nExtra: Ein Doppelschlafsofa f\u00fcr 2 Personen befindet sich im Wohnzimmer mit Seeblick<\/p>\n<p>B\u00e4der<br \/>\nBadezimmer 1: Ein gro\u00dfes Familienbadezimmer mit Badewanne, Dusche \u00fcber der Badewanne, Waschbecken, WC und Bidet<br \/>\nBadezimmer 2: Modernes Bad mit begehbarer Dusche, Waschbecken, WC und Bidet<\/p>\n<p>Zus\u00e4tzlich<br \/>\n\u2022 Seeblick \u2022 Private Essgruppe im Freien \u2022 Privater Grill \u2022 4 Sonnenliegen \u2022 15 Apartments teilen sich das beheizte Hallenbad und die Sauna (ganzj\u00e4hrig ge\u00f6ffnet) \u2022 Auf Anfrage kann ein tragbares WLAN-Ger\u00e4t gemietet werden (gegen Aufpreis) \u2022 SAT-Flachbildfernseher \u2022 Kaffeemaschine \u2022 Haartrockner \u2022 Gemeinsame Waschmaschine \u2022 B\u00fcgeleisen\/-brett \u2022 Zentralheizung \u2022 Kamin \u2022 Aufzug \u2022 8 Au\u00dfentreppen (um den Geb\u00e4udeeingang und den Aufzug zu erreichen) \u2022 Privater Parkplatz \u2022 Nespresso-Maschine<\/p>\n<p>Standort<br \/>\nAn der \u2018Viale Roncaccio\u2019 gelegen, sind die G\u00e4ste nur 1 Gehminute von einer Bushaltestelle und 15 Gehminuten vom am See gelegenen Ortszentrum von Riva San Vitale entfernt. Das idyllische und gut angebundene Feriendorf beheimatet den \u2019Tempio di Santa Croce\u2018, Bootsanlegestellen und Windsurf-M\u00f6glichkeiten, einen Bahnhof, eine Schiffshaltestelle sowie eine Vielzahl lokaler Restaurants, die authentische Tessiner K\u00fcche servieren.<\/p>\n<p>Der Luganersee bietet eine F\u00fclle von Sehensw\u00fcrdigkeiten f\u00fcr Besucher, von der Schokoladenfabrik Alprose, der Villa Cicogna Mozzoni, den FoxTown Factory Stores und den Attraktionen des Abenteuerparks Monte Tamaro \u00fcber das malerische Dorf Morcote, den Panoramablick vom Monte San Salvatore, das \u2018Splash e Spa\u2019, das beliebte \u2018Swissminiatur\u2019 bis hin zu den kosmopolitischen Highlights der Stadt Lugano (die in 25 Autominuten erreichbar ist). Das nahe gelegene Como (38 Autominuten entfernt) bietet eine Vielzahl von Einkaufs- und Essensm\u00f6glichkeiten sowie einfache Verkehrsanbindungen nach Mailand und zum touristischen zentralen See. Das Refugium ist ideal f\u00fcr ganzj\u00e4hrige Urlaube und liegt 27 Autominuten vom Flughafen Lugano und 53 Autominuten von Mailand Malpensa entfernt.<\/p>","protected":false},"excerpt":{"rendered":"<p>Make it a captivating lake break, with a stay in this 2-double-bedroom apartment with a pool and authentic location in the lakeside village of Riva San Vitale! Nestled between the Swiss Italian cities of Lugano and Como, this well-equipped lake-view apartment in Riva San Vitale provides a strategic year-round holiday base for exploring the beautiful [&hellip;]<\/p>\n","protected":false},"author":30,"featured_media":7326,"parent":0,"menu_order":0,"template":"","listing_type":[62],"room_type":[254],"amenities":[1162,1166,1195,1185,1192,1191,1177,1183,1182,1179,1205,1186,1202,1196,1164,1165,1188,1137,1169,1153,1143,1163,1171,1203,1147],"facilities":[1101,1085,1089,1078,1080,1093,1126,1103,1084,1076],"listing_countries":[1024],"listing_states":[1264,1070],"listing_cities":[1075],"listing_areas":[1278],"class_list":["post-6119","listing","type-listing","status-publish","has-post-thumbnail","hentry","listing_type-apartment","room_type-entire-place","listing_amenity-balcony","listing_amenity-bbq","listing_amenity-coffee-machine","listing_amenity-cooker-hob","listing_amenity-dishwasher","listing_amenity-electric-kettle","listing_amenity-fireplace","listing_amenity-freezer","listing_amenity-fridge","listing_amenity-full-kitchen","listing_amenity-hair-dryer","listing_amenity-induction-hob","listing_amenity-iron-ironing-board","listing_amenity-nespresso-machine","listing_amenity-outdoor-dining-area","listing_amenity-outdoor-table-chairs","listing_amenity-oven","listing_amenity-pets-not-permitted","listing_amenity-quiet-area","listing_amenity-satellite-tv","listing_amenity-smoking-not-permitted","listing_amenity-terrace","listing_amenity-very-sunny-position","listing_amenity-washing-machine","listing_amenity-wifi","listing_facility-elevator","listing_facility-heated-pool","listing_facility-indoor-heated-pool","listing_facility-indoor-pool","listing_facility-indoor-pool-new","listing_facility-indoor-shared-pool","listing_facility-lake-view","listing_facility-private-parking-space","listing_facility-sauna","listing_facility-shared-pool","listing_country-switzerland","listing_state-distretto-di-mendrisio","listing_state-ticino","listing_city-riva-san-vitale","listing_area-circolo-di-mendrisio"],"_links":{"self":[{"href":"https:\/\/mediumterm.ch\/de\/wp-json\/wp\/v2\/listings\/6119","targetHints":{"allow":["GET"]}}],"collection":[{"href":"https:\/\/mediumterm.ch\/de\/wp-json\/wp\/v2\/listings"}],"about":[{"href":"https:\/\/mediumterm.ch\/de\/wp-json\/wp\/v2\/types\/listing"}],"author":[{"embeddable":true,"href":"https:\/\/mediumterm.ch\/de\/wp-json\/wp\/v2\/users\/30"}],"version-history":[{"count":7,"href":"https:\/\/mediumterm.ch\/de\/wp-json\/wp\/v2\/listings\/6119\/revisions"}],"predecessor-version":[{"id":13506,"href":"https:\/\/mediumterm.ch\/de\/wp-json\/wp\/v2\/listings\/6119\/revisions\/13506"}],"wp:featuredmedia":[{"embeddable":true,"href":"https:\/\/mediumterm.ch\/de\/wp-json\/wp\/v2\/media\/7326"}],"wp:attachment":[{"href":"https:\/\/mediumterm.ch\/de\/wp-json\/wp\/v2\/media?parent=6119"}],"wp:term":[{"taxonomy":"listing_type","embeddable":true,"href":"https:\/\/mediumterm.ch\/de\/wp-json\/wp\/v2\/listing_type?post=6119"},{"taxonomy":"room_type","embeddable":true,"href":"https:\/\/mediumterm.ch\/de\/wp-json\/wp\/v2\/room_type?post=6119"},{"taxonomy":"listing_amenity","embeddable":true,"href":"https:\/\/mediumterm.ch\/de\/wp-json\/wp\/v2\/amenities?post=6119"},{"taxonomy":"listing_facility","embeddable":true,"href":"https:\/\/mediumterm.ch\/de\/wp-json\/wp\/v2\/facilities?post=6119"},{"taxonomy":"listing_country","embeddable":true,"href":"https:\/\/mediumterm.ch\/de\/wp-json\/wp\/v2\/listing_countries?post=6119"},{"taxonomy":"listing_state","embeddable":true,"href":"https:\/\/mediumterm.ch\/de\/wp-json\/wp\/v2\/listing_states?post=6119"},{"taxonomy":"listing_city","embeddable":true,"href":"https:\/\/mediumterm.ch\/de\/wp-json\/wp\/v2\/listing_cities?post=6119"},{"taxonomy":"listing_area","embeddable":true,"href":"https:\/\/mediumterm.ch\/de\/wp-json\/wp\/v2\/listing_areas?post=6119"}],"curies":[{"name":"wp","href":"https:\/\/api.w.org\/{rel}","templated":true}]}}

<p>Machen Sie daraus eine erholsame Auszeit am See mit einem Aufenthalt in diesem Apartment mit 2 Doppelzimmern, Pool und authentischer Lage im Seeerdorf Riva San Vitale!</p>
<p>Eingebettet zwischen den schweizerisch-italienischen Städten Lugano und Como bietet dieses gut ausgestattete Apartment mit Seeblick in Riva San Vitale einen strategischen, ganzjährigen Urlaubsort, um die wunderschöne Seenregion zu erkunden.</p>
<p>Im Inneren bietet das paar- und gruppenfreundliche Apartment ein Wohnzimmer mit Seeblick, einem Doppelschlafsofa, einem Flachbild-Sat-TV und einem malerischen Essbereich sowie eine separate, modernisierte Küche. Türen führen direkt hinaus auf eine sonnige private Seeblickterrasse, die mit einem Essbereich im Freien, einem Grill und mehreren Sonnenliegen ausgestattet ist. Ein geräumiges Doppelzimmer mit Zugang zu einem möblierten, privaten Balkon wird durch ein zweites Doppelzimmer und zwei modernisierte Badezimmer (eines mit Badewanne und Dusche, das andere mit Dusche) ergänzt.</p>
<p>Die Wohnung im 3. Stock befindet sich in einem 4-stöckigen Wohnhaus mit Aufzug und einem ganzjährig geöffneten, gemeinschaftlichen beheizten Hallenbad mit Sauna. Ein privater Parkplatz sorgt zudem für zusätzlichen Komfort.</p>
<p>Schlafen<br />
Schlafzimmer 1: Ein geräumiges Doppelzimmer mit Kleiderschrank und Balkonzugang<br />
Schlafzimmer 2: Ein erholsames Doppelzimmer mit Stauraum über dem Kopf<br />
Extra: Ein Doppelschlafsofa für 2 Personen befindet sich im Wohnzimmer mit Seeblick</p>
<p>Bäder<br />
Badezimmer 1: Ein großes Familienbadezimmer mit Badewanne, Dusche über der Badewanne, Waschbecken, WC und Bidet<br />
Badezimmer 2: Modernes Bad mit begehbarer Dusche, Waschbecken, WC und Bidet</p>
<p>Zusätzlich<br />
• Seeblick • Private Essgruppe im Freien • Privater Grill • 4 Sonnenliegen • 15 Apartments teilen sich das beheizte Hallenbad und die Sauna (ganzjährig geöffnet) • Auf Anfrage kann ein tragbares WLAN-Gerät gemietet werden (gegen Aufpreis) • SAT-Flachbildfernseher • Kaffeemaschine • Haartrockner • Gemeinsame Waschmaschine • Bügeleisen/-brett • Zentralheizung • Kamin • Aufzug • 8 Außentreppen (um den Gebäudeeingang und den Aufzug zu erreichen) • Privater Parkplatz • Nespresso-Maschine</p>
<p>Standort<br />
An der ‘Viale Roncaccio’ gelegen, sind die Gäste nur 1 Gehminute von einer Bushaltestelle und 15 Gehminuten vom am See gelegenen Ortszentrum von Riva San Vitale entfernt. Das idyllische und gut angebundene Feriendorf beheimatet den ’Tempio di Santa Croce‘, Bootsanlegestellen und Windsurf-Möglichkeiten, einen Bahnhof, eine Schiffshaltestelle sowie eine Vielzahl lokaler Restaurants, die authentische Tessiner Küche servieren.</p>
<p>Der Luganersee bietet eine Fülle von Sehenswürdigkeiten für Besucher, von der Schokoladenfabrik Alprose, der Villa Cicogna Mozzoni, den FoxTown Factory Stores und den Attraktionen des Abenteuerparks Monte Tamaro über das malerische Dorf Morcote, den Panoramablick vom Monte San Salvatore, das ‘Splash e Spa’, das beliebte ‘Swissminiatur’ bis hin zu den kosmopolitischen Highlights der Stadt Lugano (die in 25 Autominuten erreichbar ist). Das nahe gelegene Como (38 Autominuten entfernt) bietet eine Vielzahl von Einkaufs- und Essensmöglichkeiten sowie einfache Verkehrsanbindungen nach Mailand und zum touristischen zentralen See. Das Refugium ist ideal für ganzjährige Urlaube und liegt 27 Autominuten vom Flughafen Lugano und 53 Autominuten von Mailand Malpensa entfernt.</p>
