{"id":6352,"date":"2025-09-11T02:44:05","date_gmt":"2025-09-11T02:44:05","guid":{"rendered":"https:\/\/dev.mediumterm.ch\/\/listing\/pazzallo-panoramica\/"},"modified":"2026-09-01T02:01:34","modified_gmt":"2026-09-01T02:01:34","slug":"pazzallo-panoramica","status":"publish","type":"listing","link":"https:\/\/mediumterm.ch\/de\/listing\/pazzallo-panoramica\/","title":{"rendered":"Pazzallo Panoramica mit Balkon und Garage"},"content":{"rendered":"<p>Eine moderne Wohnung mit malerischem Bergblick, die einen idealen Ausgangspunkt f\u00fcr ein Paar oder eine Gruppe von 3 Freunden bietet, die Lugano und die umliegende Landschaft erkunden m\u00f6chten.<\/p>\n<p>Der luftige, offene Wohnbereich verbindet dank gro\u00dfer Glast\u00fcren, die sich zum privaten Balkon \u00f6ffnen, das Leben drinnen und drau\u00dfen. Der Balkon ist mit einem Tisch und St\u00fchlen ausgestattet, damit G\u00e4ste im Freien speisen und die Aussicht richtig genie\u00dfen k\u00f6nnen. Im Innenbereich befinden sich ein stilvolles Sofa und ein Sessel. Der Esstisch und die St\u00fchle f\u00fchren in die K\u00fcche. Die K\u00fcche ist gut ausgestattet mit einem Kochfeld, einer Mikrowelle, einem Backofen, einer K\u00fchl-Gefrierkombination und einer Nespresso-Maschine.<\/p>\n<p>Schlafen<\/p>\n<p>Schlafzimmer 1: Das helle Hauptschlafzimmer verf\u00fcgt \u00fcber ein Doppelbett und einen gro\u00dfen Kleiderschrank.<br \/>\nSchlafzimmer 2: Dieses kleine, gem\u00fctliche Zimmer verf\u00fcgt \u00fcber ein Einzelbett und eine Kommode. In diesem Zimmer gibt es zudem ein ausziehbares zweites Bett.<\/p>\n<p>B\u00e4der<\/p>\n<p>Das geflieste Badezimmer verf\u00fcgt \u00fcber ein Vollbad mit Dusche, Bidet, Waschbecken und WC.<\/p>\n<p>Zus\u00e4tzlich<\/p>\n<p>\u2022 WLAN-Ger\u00e4t auf Anfrage (gegen Geb\u00fchr) \u2022 Zentralheizung \u2022 Ventilator \u2022 Musikanlage \u2022 Haartrockner \u2022 Haustiere erlaubt \u2022 Kinderfreundlich \u2022 Gemeinsame Waschmaschine &amp; Wascheinrichtungen \u2022 Privater Garagenparkplatz, ein Auto wird empfohlen <\/p>\n<p>Standort<br \/>\nAn einem Hang, nur 10 Minuten vom Zentrum von Lugano entfernt, ist dieses Apartment ideal gelegen, um das Stadtleben und Spazierg\u00e4nge auf dem Land zu genie\u00dfen. <\/p>\n<p>Die Ortschaft Pazzallo liegt am Fu\u00df des Monte San Salvatore. Die Ferienwohnung befindet sich in der N\u00e4he der Standseilbahn, mit der G\u00e4ste auf den Gipfel des Berges fahren k\u00f6nnen, um eine spektakul\u00e4re Aussicht zu genie\u00dfen, oder hinunter in die charmante am See gelegene Stadt Paradiso mit ihrem Strandbad und hervorragenden Restaurants.<\/p>\n<p>Die Stadt Lugano hat viel zu sehen, darunter das MASI, das Kunstmuseum der italienischen Schweiz, das regelm\u00e4\u00dfig zeitgen\u00f6ssische Kunstausstellungen veranstaltet.<\/p>\n<p>F\u00fcr etwas mehr Ruhe gibt es in den nahegelegenen Bergen Wander- und Radwege. Sowie Wassersport auf dem See, Motorbootverleih, Kajakfahren und f\u00fcr die Mutigen \u2013 Extremsportarten.<\/p>\n<p>Die n\u00e4chstgelegenen internationalen Flugh\u00e4fen befinden sich in Italien \u2013 Mailand-Malpensa und Mailand-Linate, beide 1 Stunde und 15 Minuten mit dem Auto entfernt.<\/p>","protected":false},"excerpt":{"rendered":"<p>A contemporary apartment with scenic mountain views, which makes an ideal base for a couple or group of 3 friends who want to explore Lugano and the surrounding countryside. The airy, open-plan living area combines indoor and outdoor life thanks to large glass doors opening onto the private balcony. The balcony is furnished with a [&hellip;]<\/p>\n","protected":false},"author":30,"featured_media":9280,"parent":0,"menu_order":0,"template":"","listing_type":[62],"room_type":[254],"amenities":[1138,1162,1185,1191,1173,1183,1182,1179,1205,1189,1188,1136,1169,1143,1159,1147],"facilities":[1102,1103],"listing_countries":[1024],"listing_states":[1023,1070],"listing_cities":[944],"listing_areas":[1253],"class_list":["post-6352","listing","type-listing","status-publish","has-post-thumbnail","hentry","listing_type-apartment","room_type-entire-place","listing_amenity-ask-owner-about-pets","listing_amenity-balcony","listing_amenity-cooker-hob","listing_amenity-electric-kettle","listing_amenity-fan","listing_amenity-freezer","listing_amenity-fridge","listing_amenity-full-kitchen","listing_amenity-hair-dryer","listing_amenity-microwave","listing_amenity-oven","listing_amenity-pets-possible","listing_amenity-quiet-area","listing_amenity-smoking-not-permitted","listing_amenity-stereo-system","listing_amenity-wifi","listing_facility-garage","listing_facility-private-parking-space","listing_country-switzerland","listing_state-distretto-di-lugano","listing_state-ticino","listing_city-lugano","listing_area-circolo-di-lugano-ovest"],"_links":{"self":[{"href":"https:\/\/mediumterm.ch\/de\/wp-json\/wp\/v2\/listings\/6352","targetHints":{"allow":["GET"]}}],"collection":[{"href":"https:\/\/mediumterm.ch\/de\/wp-json\/wp\/v2\/listings"}],"about":[{"href":"https:\/\/mediumterm.ch\/de\/wp-json\/wp\/v2\/types\/listing"}],"author":[{"embeddable":true,"href":"https:\/\/mediumterm.ch\/de\/wp-json\/wp\/v2\/users\/30"}],"version-history":[{"count":5,"href":"https:\/\/mediumterm.ch\/de\/wp-json\/wp\/v2\/listings\/6352\/revisions"}],"predecessor-version":[{"id":15090,"href":"https:\/\/mediumterm.ch\/de\/wp-json\/wp\/v2\/listings\/6352\/revisions\/15090"}],"wp:featuredmedia":[{"embeddable":true,"href":"https:\/\/mediumterm.ch\/de\/wp-json\/wp\/v2\/media\/9280"}],"wp:attachment":[{"href":"https:\/\/mediumterm.ch\/de\/wp-json\/wp\/v2\/media?parent=6352"}],"wp:term":[{"taxonomy":"listing_type","embeddable":true,"href":"https:\/\/mediumterm.ch\/de\/wp-json\/wp\/v2\/listing_type?post=6352"},{"taxonomy":"room_type","embeddable":true,"href":"https:\/\/mediumterm.ch\/de\/wp-json\/wp\/v2\/room_type?post=6352"},{"taxonomy":"listing_amenity","embeddable":true,"href":"https:\/\/mediumterm.ch\/de\/wp-json\/wp\/v2\/amenities?post=6352"},{"taxonomy":"listing_facility","embeddable":true,"href":"https:\/\/mediumterm.ch\/de\/wp-json\/wp\/v2\/facilities?post=6352"},{"taxonomy":"listing_country","embeddable":true,"href":"https:\/\/mediumterm.ch\/de\/wp-json\/wp\/v2\/listing_countries?post=6352"},{"taxonomy":"listing_state","embeddable":true,"href":"https:\/\/mediumterm.ch\/de\/wp-json\/wp\/v2\/listing_states?post=6352"},{"taxonomy":"listing_city","embeddable":true,"href":"https:\/\/mediumterm.ch\/de\/wp-json\/wp\/v2\/listing_cities?post=6352"},{"taxonomy":"listing_area","embeddable":true,"href":"https:\/\/mediumterm.ch\/de\/wp-json\/wp\/v2\/listing_areas?post=6352"}],"curies":[{"name":"wp","href":"https:\/\/api.w.org\/{rel}","templated":true}]}}

<p>Eine moderne Wohnung mit malerischem Bergblick, die einen idealen Ausgangspunkt für ein Paar oder eine Gruppe von 3 Freunden bietet, die Lugano und die umliegende Landschaft erkunden möchten.</p>
<p>Der luftige, offene Wohnbereich verbindet dank großer Glastüren, die sich zum privaten Balkon öffnen, das Leben drinnen und draußen. Der Balkon ist mit einem Tisch und Stühlen ausgestattet, damit Gäste im Freien speisen und die Aussicht richtig genießen können. Im Innenbereich befinden sich ein stilvolles Sofa und ein Sessel. Der Esstisch und die Stühle führen in die Küche. Die Küche ist gut ausgestattet mit einem Kochfeld, einer Mikrowelle, einem Backofen, einer Kühl-Gefrierkombination und einer Nespresso-Maschine.</p>
<p>Schlafen</p>
<p>Schlafzimmer 1: Das helle Hauptschlafzimmer verfügt über ein Doppelbett und einen großen Kleiderschrank.<br />
Schlafzimmer 2: Dieses kleine, gemütliche Zimmer verfügt über ein Einzelbett und eine Kommode. In diesem Zimmer gibt es zudem ein ausziehbares zweites Bett.</p>
<p>Bäder</p>
<p>Das geflieste Badezimmer verfügt über ein Vollbad mit Dusche, Bidet, Waschbecken und WC.</p>
<p>Zusätzlich</p>
<p>• WLAN-Gerät auf Anfrage (gegen Gebühr) • Zentralheizung • Ventilator • Musikanlage • Haartrockner • Haustiere erlaubt • Kinderfreundlich • Gemeinsame Waschmaschine &amp; Wascheinrichtungen • Privater Garagenparkplatz, ein Auto wird empfohlen </p>
<p>Standort<br />
An einem Hang, nur 10 Minuten vom Zentrum von Lugano entfernt, ist dieses Apartment ideal gelegen, um das Stadtleben und Spaziergänge auf dem Land zu genießen. </p>
<p>Die Ortschaft Pazzallo liegt am Fuß des Monte San Salvatore. Die Ferienwohnung befindet sich in der Nähe der Standseilbahn, mit der Gäste auf den Gipfel des Berges fahren können, um eine spektakuläre Aussicht zu genießen, oder hinunter in die charmante am See gelegene Stadt Paradiso mit ihrem Strandbad und hervorragenden Restaurants.</p>
<p>Die Stadt Lugano hat viel zu sehen, darunter das MASI, das Kunstmuseum der italienischen Schweiz, das regelmäßig zeitgenössische Kunstausstellungen veranstaltet.</p>
<p>Für etwas mehr Ruhe gibt es in den nahegelegenen Bergen Wander- und Radwege. Sowie Wassersport auf dem See, Motorbootverleih, Kajakfahren und für die Mutigen – Extremsportarten.</p>
<p>Die nächstgelegenen internationalen Flughäfen befinden sich in Italien – Mailand-Malpensa und Mailand-Linate, beide 1 Stunde und 15 Minuten mit dem Auto entfernt.</p>
