{"id":13630,"date":"2026-08-10T14:04:03","date_gmt":"2026-08-10T14:04:03","guid":{"rendered":"https:\/\/mediumterm.ch\/listing\/76-the-lake-house-sole\/"},"modified":"2026-09-01T00:03:45","modified_gmt":"2026-09-01T00:03:45","slug":"76-the-lake-house-sole","status":"publish","type":"listing","link":"https:\/\/mediumterm.ch\/fr\/listing\/76-the-lake-house-sole\/","title":{"rendered":"76 The Lake House Sole"},"content":{"rendered":"<p>Profitez d'une vue magnifique sur le lac de Lugano depuis ce charmant appartement penthouse pour 6 personnes ! Situ\u00e9 au 4\u00e8me \u00e9tage (avec ascenseur) et dot\u00e9 d'un grand balcon, cet appartement constitue un pied-\u00e0-terre id\u00e9al pour les amis ou la famille qui souhaitent explorer la r\u00e9gion du Tessin, dans le sud de la Suisse.<\/p>\n<p>Le salon\/salle \u00e0 manger traversant est baign\u00e9 de lumi\u00e8re gr\u00e2ce \u00e0 des portes-fen\u00eatres qui s'ouvrent sur un balcon privatif. Ici, les clients peuvent se d\u00e9tendre sur des transats ou d\u00e9guster un verre de vin \u00e0 la table de style caf\u00e9. De retour \u00e0 l'int\u00e9rieur, l'espace de vie a\u00e9r\u00e9 est meubl\u00e9 d'un canap\u00e9, d'une t\u00e9l\u00e9vision \u00e0 \u00e9cran plat et d'une table \u00e0 manger. La cuisine s\u00e9par\u00e9e est enti\u00e8rement \u00e9quip\u00e9e avec des plaques \u00e0 induction, un four, un lave-vaisselle, un r\u00e9frig\u00e9rateur-cong\u00e9lateur, un grille-pain et une machine \u00e0 caf\u00e9 Nespresso. Elle dispose \u00e9galement d'une table pour les repas sur le pouce.<\/p>\n<p>Les clients ont acc\u00e8s \u00e0 un jardin commun au bord du lac. Ils y trouveront des chaises longues, ainsi que des tables et des chaises pour les repas en plein air.<\/p>\n<p>Dormir<br \/>\nChambre 1 : L'\u00e9l\u00e9gante chambre principale dispose d'un lit double, d'une armoire, d'un espace de travail adapt\u00e9 aux ordinateurs portables et de portes-fen\u00eatres donnant sur le balcon.<br \/>\nChambre 2 : La deuxi\u00e8me chambre est meubl\u00e9e de deux lits simples, d'une armoire et d'un espace de travail adapt\u00e9 aux ordinateurs portables.<br \/>\nSuppl\u00e9ment : Le canap\u00e9 du salon se transforme en un lit double confortable.<\/p>\n<p>Salle de bains<br \/>\nLa jolie salle de bains carrel\u00e9e dispose d'une baignoire avec douche, d'un lavabo, d'un bidet et de toilettes.<\/p>\n<p>Suppl\u00e9mentaire<br \/>\n\u2022 Wifi gratuit \u2022 Jardin partag\u00e9 \u2022 Espace repas ext\u00e9rieur (partag\u00e9) \u2022 Ascenseur \u2022 Climatisation \u2022 Chauffage central \u2022 T\u00e9l\u00e9vision connect\u00e9e \u2022 Lave-linge (partag\u00e9) \u2022 Espace de travail adapt\u00e9 aux ordinateurs portables \u2022 S\u00e8che-cheveux \u2022 Parking priv\u00e9 pour 1 voiture, une voiture est recommand\u00e9e \u2022 Animaux admis \u2022 Arriv\u00e9e \u00e0 partir de 16h00, d\u00e9part avant 10h00 \u2022 D\u00e9p\u00f4t de garantie de 500 \u20ac pour les groupes de moins de 21 ans.<\/p>\n<p>Localisation<br \/>\nL'appartement se trouve de l'autre c\u00f4t\u00e9 de la route par rapport aux rives du lac de Lugano, \u00e0 seulement 2 minutes en voiture du centre de Melide. La ville b\u00e9n\u00e9ficie d'un cadre spectaculaire, au pied de collines escarp\u00e9es et bois\u00e9es et \u00e0 l'extr\u00e9mit\u00e9 d'une jet\u00e9e traversant le lac de Lugano. Vous y trouverez un supermarch\u00e9 et d'autres commodit\u00e9s, ainsi que des plages pour vous baigner dans le lac et des promenades le long de ses rives. Elle est surtout connue pour Swissminiatur, un village miniature pr\u00e9sentant tous les monuments les plus c\u00e9l\u00e8bres de la Suisse. C'est une excellente sortie pour toute la famille.<\/p>\n<p>La Piazza della Riforma est le c\u0153ur de Lugano (\u00e0 13 minutes en voiture) et l'endroit id\u00e9al pour prendre un ap\u00e9ritif ou un espresso tout en regardant le monde passer. La ville de Lugano est r\u00e9put\u00e9e pour son riche patrimoine culturel. Elle abrite de nombreux mus\u00e9es et galeries. L'un des plus populaires est le MASI (Mus\u00e9e d'art de la Suisse italienne) (\u00e0 11 minutes en voiture), qui accueille r\u00e9guli\u00e8rement des expositions d'art contemporain.  <\/p>\n<p>Le Parco San Grato (\u00e0 16 minutes de route), situ\u00e9 dans les hauteurs, offre aux visiteurs la possibilit\u00e9 de s'immiscer dans la nature, avec de magnifiques randonn\u00e9es th\u00e9matiques et des vues imprenables sur le lac. Il y a beaucoup d'activit\u00e9s pour les enfants, notamment des balan\u00e7oires artisanales, une aire de jeux et des soir\u00e9es sp\u00e9ciales d'observation des \u00e9toiles.<\/p>\n<p>Les a\u00e9roports internationaux les plus proches se trouvent en Italie : Milan Malpensa \u00e0 50 minutes en voiture, ou Milan Linate, \u00e0 1 heure et 10 minutes de trajet.<\/p>","protected":false},"excerpt":{"rendered":"<p>Enjoy magnificent views of Lake Lugano from this charming penthouse flat for 6! On the 4th floor (with lift), with a spacious balcony, the apartment makes an ideal retreat for friends or family who want to explore the Ticino region of southern Switzerland. The dual-aspect living\/dining room is full of light, thanks so French windows [&hellip;]<\/p>\n","protected":false},"author":30,"featured_media":14696,"parent":0,"menu_order":0,"template":"","listing_type":[62],"room_type":[254],"amenities":[1172,1195,1192,1148,1183,1182,1179,1205,1186,1150,1189,1196,1165,1188,1152,1143,1190,1147],"facilities":[1101,1126,1103,1106],"listing_countries":[1024],"listing_states":[1070],"listing_cities":[1054],"listing_areas":[],"class_list":["post-13630","listing","type-listing","status-publish","has-post-thumbnail","hentry","listing_type-apartment","room_type-entire-place","listing_amenity-air-conditioning","listing_amenity-coffee-machine","listing_amenity-dishwasher","listing_amenity-free-wifi","listing_amenity-freezer","listing_amenity-fridge","listing_amenity-full-kitchen","listing_amenity-hair-dryer","listing_amenity-induction-hob","listing_amenity-laptop-friendly-workspace","listing_amenity-microwave","listing_amenity-nespresso-machine","listing_amenity-outdoor-table-chairs","listing_amenity-oven","listing_amenity-smart-tv","listing_amenity-smoking-not-permitted","listing_amenity-toaster","listing_amenity-wifi","listing_facility-elevator","listing_facility-lake-view","listing_facility-private-parking-space","listing_facility-shared-garden","listing_country-switzerland","listing_state-ticino","listing_city-melide"],"_links":{"self":[{"href":"https:\/\/mediumterm.ch\/fr\/wp-json\/wp\/v2\/listings\/13630","targetHints":{"allow":["GET"]}}],"collection":[{"href":"https:\/\/mediumterm.ch\/fr\/wp-json\/wp\/v2\/listings"}],"about":[{"href":"https:\/\/mediumterm.ch\/fr\/wp-json\/wp\/v2\/types\/listing"}],"author":[{"embeddable":true,"href":"https:\/\/mediumterm.ch\/fr\/wp-json\/wp\/v2\/users\/30"}],"version-history":[{"count":1,"href":"https:\/\/mediumterm.ch\/fr\/wp-json\/wp\/v2\/listings\/13630\/revisions"}],"predecessor-version":[{"id":13674,"href":"https:\/\/mediumterm.ch\/fr\/wp-json\/wp\/v2\/listings\/13630\/revisions\/13674"}],"wp:featuredmedia":[{"embeddable":true,"href":"https:\/\/mediumterm.ch\/fr\/wp-json\/wp\/v2\/media\/14696"}],"wp:attachment":[{"href":"https:\/\/mediumterm.ch\/fr\/wp-json\/wp\/v2\/media?parent=13630"}],"wp:term":[{"taxonomy":"listing_type","embeddable":true,"href":"https:\/\/mediumterm.ch\/fr\/wp-json\/wp\/v2\/listing_type?post=13630"},{"taxonomy":"room_type","embeddable":true,"href":"https:\/\/mediumterm.ch\/fr\/wp-json\/wp\/v2\/room_type?post=13630"},{"taxonomy":"listing_amenity","embeddable":true,"href":"https:\/\/mediumterm.ch\/fr\/wp-json\/wp\/v2\/amenities?post=13630"},{"taxonomy":"listing_facility","embeddable":true,"href":"https:\/\/mediumterm.ch\/fr\/wp-json\/wp\/v2\/facilities?post=13630"},{"taxonomy":"listing_country","embeddable":true,"href":"https:\/\/mediumterm.ch\/fr\/wp-json\/wp\/v2\/listing_countries?post=13630"},{"taxonomy":"listing_state","embeddable":true,"href":"https:\/\/mediumterm.ch\/fr\/wp-json\/wp\/v2\/listing_states?post=13630"},{"taxonomy":"listing_city","embeddable":true,"href":"https:\/\/mediumterm.ch\/fr\/wp-json\/wp\/v2\/listing_cities?post=13630"},{"taxonomy":"listing_area","embeddable":true,"href":"https:\/\/mediumterm.ch\/fr\/wp-json\/wp\/v2\/listing_areas?post=13630"}],"curies":[{"name":"bien jou\u00e9","href":"https:\/\/api.w.org\/{rel}","templated":true}]}}

<p>Profitez d'une vue magnifique sur le lac de Lugano depuis ce charmant appartement penthouse pour 6 personnes ! Situé au 4ème étage (avec ascenseur) et doté d'un grand balcon, cet appartement constitue un pied-à-terre idéal pour les amis ou la famille qui souhaitent explorer la région du Tessin, dans le sud de la Suisse.</p>
<p>Le salon/salle à manger traversant est baigné de lumière grâce à des portes-fenêtres qui s'ouvrent sur un balcon privatif. Ici, les clients peuvent se détendre sur des transats ou déguster un verre de vin à la table de style café. De retour à l'intérieur, l'espace de vie aéré est meublé d'un canapé, d'une télévision à écran plat et d'une table à manger. La cuisine séparée est entièrement équipée avec des plaques à induction, un four, un lave-vaisselle, un réfrigérateur-congélateur, un grille-pain et une machine à café Nespresso. Elle dispose également d'une table pour les repas sur le pouce.</p>
<p>Les clients ont accès à un jardin commun au bord du lac. Ils y trouveront des chaises longues, ainsi que des tables et des chaises pour les repas en plein air.</p>
<p>Dormir<br />
Chambre 1 : L'élégante chambre principale dispose d'un lit double, d'une armoire, d'un espace de travail adapté aux ordinateurs portables et de portes-fenêtres donnant sur le balcon.<br />
Chambre 2 : La deuxième chambre est meublée de deux lits simples, d'une armoire et d'un espace de travail adapté aux ordinateurs portables.<br />
Supplément : Le canapé du salon se transforme en un lit double confortable.</p>
<p>Salle de bains<br />
La jolie salle de bains carrelée dispose d'une baignoire avec douche, d'un lavabo, d'un bidet et de toilettes.</p>
<p>Supplémentaire<br />
• Wifi gratuit • Jardin partagé • Espace repas extérieur (partagé) • Ascenseur • Climatisation • Chauffage central • Télévision connectée • Lave-linge (partagé) • Espace de travail adapté aux ordinateurs portables • Sèche-cheveux • Parking privé pour 1 voiture, une voiture est recommandée • Animaux admis • Arrivée à partir de 16h00, départ avant 10h00 • Dépôt de garantie de 500 € pour les groupes de moins de 21 ans.</p>
<p>Localisation<br />
L'appartement se trouve de l'autre côté de la route par rapport aux rives du lac de Lugano, à seulement 2 minutes en voiture du centre de Melide. La ville bénéficie d'un cadre spectaculaire, au pied de collines escarpées et boisées et à l'extrémité d'une jetée traversant le lac de Lugano. Vous y trouverez un supermarché et d'autres commodités, ainsi que des plages pour vous baigner dans le lac et des promenades le long de ses rives. Elle est surtout connue pour Swissminiatur, un village miniature présentant tous les monuments les plus célèbres de la Suisse. C'est une excellente sortie pour toute la famille.</p>
<p>La Piazza della Riforma est le cœur de Lugano (à 13 minutes en voiture) et l'endroit idéal pour prendre un apéritif ou un espresso tout en regardant le monde passer. La ville de Lugano est réputée pour son riche patrimoine culturel. Elle abrite de nombreux musées et galeries. L'un des plus populaires est le MASI (Musée d'art de la Suisse italienne) (à 11 minutes en voiture), qui accueille régulièrement des expositions d'art contemporain.  </p>
<p>Le Parco San Grato (à 16 minutes de route), situé dans les hauteurs, offre aux visiteurs la possibilité de s'immiscer dans la nature, avec de magnifiques randonnées thématiques et des vues imprenables sur le lac. Il y a beaucoup d'activités pour les enfants, notamment des balançoires artisanales, une aire de jeux et des soirées spéciales d'observation des étoiles.</p>
<p>Les aéroports internationaux les plus proches se trouvent en Italie : Milan Malpensa à 50 minutes en voiture, ou Milan Linate, à 1 heure et 10 minutes de trajet.</p>

bien joué
