{"id":6146,"date":"2025-09-11T02:40:53","date_gmt":"2025-09-11T02:40:53","guid":{"rendered":"https:\/\/dev.mediumterm.ch\/\/listing\/residenza-parco-carona\/"},"modified":"2026-09-01T02:00:44","modified_gmt":"2026-09-01T02:00:44","slug":"residenza-parco-carona","status":"publish","type":"listing","link":"https:\/\/mediumterm.ch\/fr\/listing\/residenza-parco-carona\/","title":{"rendered":"R\u00e9sidence Parco Carona avec vue sur le lac"},"content":{"rendered":"<p>Un appartement spacieux, dans une r\u00e9sidence moderne remarquable, perch\u00e9 sur une colline, dans un quartier verdoyant et calme du sud de Lugano, avec une vue imprenable sur le lac.<\/p>\n<p>Cet appartement contemporain de 2 chambres, situ\u00e9 au 2e \u00e9tage, peut accueillir 4 personnes et constitue le choix id\u00e9al pour quiconque souhaite explorer le lac de Lugano \u00e0 tout moment de l'ann\u00e9e.<\/p>\n<p>L'appartement est dot\u00e9 d'un \u00e9l\u00e9gant parquet dans toutes les pi\u00e8ces et de nombreux \u00e9quipements \u00e9l\u00e9gants. Le salon spacieux est meubl\u00e9 d'un canap\u00e9 d'angle chic, de deux fauteuils et d'un grand t\u00e9l\u00e9viseur HD \u00e0 \u00e9cran plat. De larges portes vitr\u00e9es s'ouvrent sur un balcon couvert \u00e9quip\u00e9 d'une table et de quatre chaises. \u00c0 l'autre bout du salon se trouve un autre balcon qui a \u00e9t\u00e9 ferm\u00e9 et transform\u00e9 en une salle \u00e0 manger lumineuse pour 6 personnes, offrant une vue imprenable sur le lac et le mont San Salvatore.  <\/p>\n<p>La cuisine ultra-moderne est enti\u00e8rement \u00e9quip\u00e9e avec une plaque de cuisson, un four, un micro-ondes, un lave-vaisselle, un r\u00e9frig\u00e9rateur-cong\u00e9lateur de style am\u00e9ricain, un grille-pain et une machine Nespresso. \u00c0 c\u00f4t\u00e9 de la cuisine se trouve une buanderie dot\u00e9e d'un lave-linge et d'un s\u00e8che-linge.<\/p>\n<p>Dormir<br \/>\nChambre 1 : La chambre principale, lumineuse, dispose d'un grand lit double, de nombreux placards et d'un coin salon o\u00f9 les clients peuvent se d\u00e9tendre en toute intimit\u00e9. Elle comprend \u00e9galement une salle de bains attenante.<br \/>\nChambre 2 : Une chambre ensoleill\u00e9e avec une fen\u00eatre d'angle et des vues spectaculaires sur le lac. Cette chambre dispose d'un canap\u00e9-lit confortable pour 2 personnes, d'une armoire et d'une coiffeuse qui fait \u00e9galement office de bureau si n\u00e9cessaire. Elle poss\u00e8de une salle de bains attenante et un acc\u00e8s au balcon vitr\u00e9 par une porte s\u00e9par\u00e9e.<\/p>\n<p>Salles de bains<br \/>\nSalle de bains 1 : Une salle de bains attenante \u00e0 la chambre 1. Cette jolie salle de bains carrel\u00e9e dispose d'une baignoire compl\u00e8te avec douche, d'un lavabo et de WC.<br \/>\nSalle de bains 2 : Une salle de bains attenante \u00e0 la chambre 2 avec une douche vitr\u00e9e, un lavabo et des WC.<\/p>\n<p>Suppl\u00e9mentaire<br \/>\n\u2022 Wifi gratuit \u2022 Chauffage central \u2022 Lave-linge, s\u00e9choir, fer et table \u00e0 repasser partag\u00e9s \u2022 Espace de travail adapt\u00e9 aux ordinateurs portables \u2022 S\u00e8che-cheveux \u2022 \u00c9vacuation des d\u00e9chets \u2022 Parking priv\u00e9, une voiture est recommand\u00e9e \u2022 Adapt\u00e9 aux enfants \u2022 Adapt\u00e9 aux personnes \u00e2g\u00e9es<\/p>\n<p>Localisation<br \/>\nL'appartement est situ\u00e9 \u00e0 8 km de la Piazza della Riforma, le c\u0153ur de Lugano (\u00e0 20 minutes en voiture). L'endroit id\u00e9al pour prendre un ap\u00e9ritif ou un espresso tout en regardant le monde passer.<\/p>\n<p>Dans le canton suisse italophone du Tessin, la ville de Lugano est r\u00e9put\u00e9e pour son riche patrimoine culturel et son cadre naturel exceptionnel. Sur les rives du lac de Lugano, la promenade au bord de l'eau est incontournable. Ou faites une excursion d'une journ\u00e9e sur le lac pour appr\u00e9cier pleinement ce paysage magnifique.<\/p>\n<p>La ville abrite de nombreux mus\u00e9es et galeries. L'un des plus populaires est le MASI (le Mus\u00e9e d'art de la Suisse italienne) (\u00e0 17 minutes en voiture), qui accueille r\u00e9guli\u00e8rement des expositions d'art contemporain.  <\/p>\n<p>Les clients peuvent \u00e9galement emprunter le funiculaire jusqu'au sommet du mont San Salvatore (\u00e0 11 minutes de route) pour profiter des meilleures vues sur le lac et les montagnes environnantes.<\/p>\n<p>Le Parco San Grato (\u00e0 4 minutes en voiture) offre aux visiteurs la possibilit\u00e9 de s'immerger dans la nature, avec de belles randonn\u00e9es th\u00e9matiques et des vues imprenables sur le lac. Il y a beaucoup d'activit\u00e9s pour les enfants, notamment des balan\u00e7oires artisanales, une aire de jeux et des soir\u00e9es sp\u00e9ciales d'observation des \u00e9toiles.<\/p>\n<p>Les a\u00e9roports internationaux les plus proches se trouvent en Italie, \u00e0 Milan Malpensa, \u00e0 1 heure et 13 minutes en voiture, ou \u00e0 Milan Linate, \u00e0 1 heure et 27 minutes de trajet.<\/p>","protected":false},"excerpt":{"rendered":"<p>A spacious apartment, in a striking modern residence, high on a hillside, in a green and quiet area of southern Lugano, with stunning lake views. This 2nd-floor, 2-bedroom, contemporary apartment sleeps 4 people and is the perfect choice for anyone looking to explore the Lago di Lugano at any time of year. The apartment has [&hellip;]<\/p>\n","protected":false},"author":30,"featured_media":7621,"parent":0,"menu_order":0,"template":"","listing_type":[62],"room_type":[254],"amenities":[1184,1162,1195,1185,1192,1191,1175,1148,1183,1179,1205,1155,1146,1202,1150,1207,1189,1196,1164,1165,1188,1137,1169,1153,1152,1143,1145,1163,1190,1151,1170,1203,1193,1147],"facilities":[1101,1126,1122,1103,1106],"listing_countries":[1024],"listing_states":[1023,1070],"listing_cities":[944],"listing_areas":[1253],"class_list":["post-6146","listing","type-listing","status-publish","has-post-thumbnail","hentry","listing_type-apartment","room_type-entire-place","listing_amenity-american-style-fridge","listing_amenity-balcony","listing_amenity-coffee-machine","listing_amenity-cooker-hob","listing_amenity-dishwasher","listing_amenity-electric-kettle","listing_amenity-electric-radiators","listing_amenity-free-wifi","listing_amenity-freezer","listing_amenity-full-kitchen","listing_amenity-hair-dryer","listing_amenity-high-definition-tv","listing_amenity-honeymoon-friendly","listing_amenity-iron-ironing-board","listing_amenity-laptop-friendly-workspace","listing_amenity-lounge-diner","listing_amenity-microwave","listing_amenity-nespresso-machine","listing_amenity-outdoor-dining-area","listing_amenity-outdoor-table-chairs","listing_amenity-oven","listing_amenity-pets-not-permitted","listing_amenity-quiet-area","listing_amenity-satellite-tv","listing_amenity-smart-tv","listing_amenity-smoking-not-permitted","listing_amenity-suitable-for-elderly","listing_amenity-terrace","listing_amenity-toaster","listing_amenity-tv","listing_amenity-very-quiet-location","listing_amenity-washing-machine","listing_amenity-waste-disposal","listing_amenity-wifi","listing_facility-elevator","listing_facility-lake-view","listing_facility-on-hillside","listing_facility-private-parking-space","listing_facility-shared-garden","listing_country-switzerland","listing_state-distretto-di-lugano","listing_state-ticino","listing_city-lugano","listing_area-circolo-di-lugano-ovest"],"_links":{"self":[{"href":"https:\/\/mediumterm.ch\/fr\/wp-json\/wp\/v2\/listings\/6146","targetHints":{"allow":["GET"]}}],"collection":[{"href":"https:\/\/mediumterm.ch\/fr\/wp-json\/wp\/v2\/listings"}],"about":[{"href":"https:\/\/mediumterm.ch\/fr\/wp-json\/wp\/v2\/types\/listing"}],"author":[{"embeddable":true,"href":"https:\/\/mediumterm.ch\/fr\/wp-json\/wp\/v2\/users\/30"}],"version-history":[{"count":6,"href":"https:\/\/mediumterm.ch\/fr\/wp-json\/wp\/v2\/listings\/6146\/revisions"}],"predecessor-version":[{"id":13513,"href":"https:\/\/mediumterm.ch\/fr\/wp-json\/wp\/v2\/listings\/6146\/revisions\/13513"}],"wp:featuredmedia":[{"embeddable":true,"href":"https:\/\/mediumterm.ch\/fr\/wp-json\/wp\/v2\/media\/7621"}],"wp:attachment":[{"href":"https:\/\/mediumterm.ch\/fr\/wp-json\/wp\/v2\/media?parent=6146"}],"wp:term":[{"taxonomy":"listing_type","embeddable":true,"href":"https:\/\/mediumterm.ch\/fr\/wp-json\/wp\/v2\/listing_type?post=6146"},{"taxonomy":"room_type","embeddable":true,"href":"https:\/\/mediumterm.ch\/fr\/wp-json\/wp\/v2\/room_type?post=6146"},{"taxonomy":"listing_amenity","embeddable":true,"href":"https:\/\/mediumterm.ch\/fr\/wp-json\/wp\/v2\/amenities?post=6146"},{"taxonomy":"listing_facility","embeddable":true,"href":"https:\/\/mediumterm.ch\/fr\/wp-json\/wp\/v2\/facilities?post=6146"},{"taxonomy":"listing_country","embeddable":true,"href":"https:\/\/mediumterm.ch\/fr\/wp-json\/wp\/v2\/listing_countries?post=6146"},{"taxonomy":"listing_state","embeddable":true,"href":"https:\/\/mediumterm.ch\/fr\/wp-json\/wp\/v2\/listing_states?post=6146"},{"taxonomy":"listing_city","embeddable":true,"href":"https:\/\/mediumterm.ch\/fr\/wp-json\/wp\/v2\/listing_cities?post=6146"},{"taxonomy":"listing_area","embeddable":true,"href":"https:\/\/mediumterm.ch\/fr\/wp-json\/wp\/v2\/listing_areas?post=6146"}],"curies":[{"name":"bien jou\u00e9","href":"https:\/\/api.w.org\/{rel}","templated":true}]}}

Résidence Parco Carona avec vue sur le lac

<p>Un appartement spacieux, dans une résidence moderne remarquable, perché sur une colline, dans un quartier verdoyant et calme du sud de Lugano, avec une vue imprenable sur le lac.</p>
<p>Cet appartement contemporain de 2 chambres, situé au 2e étage, peut accueillir 4 personnes et constitue le choix idéal pour quiconque souhaite explorer le lac de Lugano à tout moment de l'année.</p>
<p>L'appartement est doté d'un élégant parquet dans toutes les pièces et de nombreux équipements élégants. Le salon spacieux est meublé d'un canapé d'angle chic, de deux fauteuils et d'un grand téléviseur HD à écran plat. De larges portes vitrées s'ouvrent sur un balcon couvert équipé d'une table et de quatre chaises. À l'autre bout du salon se trouve un autre balcon qui a été fermé et transformé en une salle à manger lumineuse pour 6 personnes, offrant une vue imprenable sur le lac et le mont San Salvatore.  </p>
<p>La cuisine ultra-moderne est entièrement équipée avec une plaque de cuisson, un four, un micro-ondes, un lave-vaisselle, un réfrigérateur-congélateur de style américain, un grille-pain et une machine Nespresso. À côté de la cuisine se trouve une buanderie dotée d'un lave-linge et d'un sèche-linge.</p>
<p>Dormir<br />
Chambre 1 : La chambre principale, lumineuse, dispose d'un grand lit double, de nombreux placards et d'un coin salon où les clients peuvent se détendre en toute intimité. Elle comprend également une salle de bains attenante.<br />
Chambre 2 : Une chambre ensoleillée avec une fenêtre d'angle et des vues spectaculaires sur le lac. Cette chambre dispose d'un canapé-lit confortable pour 2 personnes, d'une armoire et d'une coiffeuse qui fait également office de bureau si nécessaire. Elle possède une salle de bains attenante et un accès au balcon vitré par une porte séparée.</p>
<p>Salles de bains<br />
Salle de bains 1 : Une salle de bains attenante à la chambre 1. Cette jolie salle de bains carrelée dispose d'une baignoire complète avec douche, d'un lavabo et de WC.<br />
Salle de bains 2 : Une salle de bains attenante à la chambre 2 avec une douche vitrée, un lavabo et des WC.</p>
<p>Supplémentaire<br />
• Wifi gratuit • Chauffage central • Lave-linge, séchoir, fer et table à repasser partagés • Espace de travail adapté aux ordinateurs portables • Sèche-cheveux • Évacuation des déchets • Parking privé, une voiture est recommandée • Adapté aux enfants • Adapté aux personnes âgées</p>
<p>Localisation<br />
L'appartement est situé à 8 km de la Piazza della Riforma, le cœur de Lugano (à 20 minutes en voiture). L'endroit idéal pour prendre un apéritif ou un espresso tout en regardant le monde passer.</p>
<p>Dans le canton suisse italophone du Tessin, la ville de Lugano est réputée pour son riche patrimoine culturel et son cadre naturel exceptionnel. Sur les rives du lac de Lugano, la promenade au bord de l'eau est incontournable. Ou faites une excursion d'une journée sur le lac pour apprécier pleinement ce paysage magnifique.</p>
<p>La ville abrite de nombreux musées et galeries. L'un des plus populaires est le MASI (le Musée d'art de la Suisse italienne) (à 17 minutes en voiture), qui accueille régulièrement des expositions d'art contemporain.  </p>
<p>Les clients peuvent également emprunter le funiculaire jusqu'au sommet du mont San Salvatore (à 11 minutes de route) pour profiter des meilleures vues sur le lac et les montagnes environnantes.</p>
<p>Le Parco San Grato (à 4 minutes en voiture) offre aux visiteurs la possibilité de s'immerger dans la nature, avec de belles randonnées thématiques et des vues imprenables sur le lac. Il y a beaucoup d'activités pour les enfants, notamment des balançoires artisanales, une aire de jeux et des soirées spéciales d'observation des étoiles.</p>
<p>Les aéroports internationaux les plus proches se trouvent en Italie, à Milan Malpensa, à 1 heure et 13 minutes en voiture, ou à Milan Linate, à 1 heure et 27 minutes de trajet.</p>

bien joué
