{"id":6429,"date":"2025-09-11T02:44:33","date_gmt":"2025-09-11T02:44:33","guid":{"rendered":"https:\/\/dev.mediumterm.ch\/\/listing\/residenza-lungolago-melide\/"},"modified":"2026-09-01T01:02:50","modified_gmt":"2026-09-01T01:02:50","slug":"residenza-lungolago-melide","status":"publish","type":"listing","link":"https:\/\/mediumterm.ch\/fr\/listing\/residenza-lungolago-melide\/","title":{"rendered":"R\u00e9sidenza Lungolago Melide pour 5"},"content":{"rendered":"<p>Profitez de la tranquillit\u00e9 de cet appartement de 2 chambres avec vue sur le lac \u00e0 Melide. <\/p>\n<p>Offrant un acc\u00e8s facile au lac de Lugano, ce charmant appartement au deuxi\u00e8me \u00e9tage peut accueillir jusqu'\u00e0 5 personnes, ce qui en fait un havre de paix id\u00e9al pour les familles ou les petits groupes.<\/p>\n<p>Le salon accueillant comprend un canap\u00e9 une place, un fauteuil et s'ouvre sur un balcon, id\u00e9al pour profiter de la vue imprenable. La cuisine ouverte est enti\u00e8rement \u00e9quip\u00e9e avec une machine \u00e0 caf\u00e9, un lave-vaisselle, une bouilloire \u00e9lectrique, un micro-ondes, un four, un grille-pain, des plaques de cuisson et un r\u00e9frig\u00e9rateur, garantissant que vous avez tout ce dont vous avez besoin pour un s\u00e9jour agr\u00e9able. Parmi les commodit\u00e9s modernes suppl\u00e9mentaires, vous trouverez une connexion Wi-Fi gratuite, une Smart TV et une biblioth\u00e8que de livres.<\/p>\n<p>\u00c0 l'ext\u00e9rieur, vous pourrez vous d\u00e9tendre sur le balcon priv\u00e9, qui offre un espace paisible pour profiter du soleil et admirer les vues captivantes sur le lac et les montagnes. Les clients peuvent \u00e9galement visiter une petite plage \u00e0 5 minutes \u00e0 pied.<\/p>\n<p>Dormir<\/p>\n<p>Chambre 1 : La premi\u00e8re chambre dispose d'un lit double confortable et d'une armoire. <\/p>\n<p>Chambre 2 : La deuxi\u00e8me chambre comprend un lit double et une armoire. <\/p>\n<p>Suppl\u00e9ment : Le salon propose un canap\u00e9 simple. <\/p>\n<p>Salle de bains<\/p>\n<p>La salle de bains est \u00e9quip\u00e9e d'un bidet, d'une douche et de toilettes. <\/p>\n<p> Suppl\u00e9mentaire<br \/>\n\u2022 Balcon \u2022 Chauffage central \u2022 En ville \u2022 Sur route principale \u2022 T\u00e9l\u00e9vision par satellite \u2022 S\u00e8che-cheveux \u2022 Table et chaises d'ext\u00e9rieur \u2022 Biblioth\u00e8que de livres \u2022 Wi-Fi gratuit \u2022 Parking public payant<\/p>\n<p>Localisation<br \/>\nMelide est une charmante ville lacustre du sud de la Suisse, nich\u00e9e sur les rives paisibles du lac de Lugano. \u00c0 seulement 10 minutes \u00e0 pied de cette propri\u00e9t\u00e9 se trouve Swissminiatur, un charmant mus\u00e9e en plein air pr\u00e9sentant des maquettes miniatures complexes des monuments les plus embl\u00e9matiques de la Suisse \u2014 un endroit id\u00e9al pour les familles et les esprits curieux. Le Parco Ciani, un vaste parc au bord du lac dot\u00e9 de sentiers sinueux et de pelouses manucur\u00e9es, se trouve \u00e0 12 minutes en voiture. Il y a une petite plage \u00e0 5 minutes \u00e0 pied de l'appartement. <\/p>\n<p>Un trajet de 15 minutes en voiture vous m\u00e8ne \u00e0 la ville anim\u00e9e de Lugano, o\u00f9 la Piazza della Riforma, tr\u00e8s fr\u00e9quent\u00e9e, vous invite \u00e0 savourer un ap\u00e9ritif ou un espresso tout en profitant de l'atmosph\u00e8re vivante. Les amateurs d'art appr\u00e9cieront le MASI (Mus\u00e9e d'art de la Suisse italienne), situ\u00e9 \u00e0 seulement 11 minutes en voiture, qui propose un calendrier renouvel\u00e9 d'expositions contemporaines et classiques.<\/p>\n<p>Pour les amoureux de la nature, le Parco San Grato se trouve \u00e0 seulement 15 minutes en voiture. Situ\u00e9 sur les hauteurs des collines surplombant le lac, il propose des sentiers de promenade th\u00e9matiques, des points de vue panoramiques et des attractions adapt\u00e9es aux familles, telles que des balan\u00e7oires artisanales, une aire de jeux et des soir\u00e9es d'observation des \u00e9toiles occasionnelles.<\/p>\n<p>Melide b\u00e9n\u00e9ficie \u00e9galement d'excellentes liaisons de transport, l'a\u00e9roport de Milan Malpensa se trouvant \u00e0 seulement 55 minutes en voiture et celui de Milan Linate \u00e0 environ 1 heure et 10 minutes de route.<\/p>","protected":false},"excerpt":{"rendered":"<p>Embrace the tranquillity at this lakeview 2-bedroom apartment in Melide. Offering easy access to Lake Lugano, this charming second-floor apartment accommodates up to 5 guests, making it an ideal retreat for families or small groups. The inviting living room includes a single sofa, an armchair and opens onto a balcony, perfect for enjoying the stunning [&hellip;]<\/p>\n","protected":false},"author":30,"featured_media":11101,"parent":0,"menu_order":0,"template":"","listing_type":[62],"room_type":[254],"amenities":[1162,1209,1195,1185,1192,1191,1148,1183,1182,1179,1205,1202,1207,1189,1196,1165,1188,1137,1153,1152,1143,1190,1151,1171,1147],"facilities":[1120,1121,1126,1105],"listing_countries":[1024],"listing_states":[1023,1070],"listing_cities":[1054],"listing_areas":[1053],"class_list":["post-6429","listing","type-listing","status-publish","has-post-thumbnail","hentry","listing_type-apartment","room_type-entire-place","listing_amenity-balcony","listing_amenity-books-library","listing_amenity-coffee-machine","listing_amenity-cooker-hob","listing_amenity-dishwasher","listing_amenity-electric-kettle","listing_amenity-free-wifi","listing_amenity-freezer","listing_amenity-fridge","listing_amenity-full-kitchen","listing_amenity-hair-dryer","listing_amenity-iron-ironing-board","listing_amenity-lounge-diner","listing_amenity-microwave","listing_amenity-nespresso-machine","listing_amenity-outdoor-table-chairs","listing_amenity-oven","listing_amenity-pets-not-permitted","listing_amenity-satellite-tv","listing_amenity-smart-tv","listing_amenity-smoking-not-permitted","listing_amenity-toaster","listing_amenity-tv","listing_amenity-very-sunny-position","listing_amenity-wifi","listing_facility-car-not-necessary","listing_facility-in-town","listing_facility-lake-view","listing_facility-paid-public-parking","listing_country-switzerland","listing_state-distretto-di-lugano","listing_state-ticino","listing_city-melide","listing_area-circolo-di-carona"],"_links":{"self":[{"href":"https:\/\/mediumterm.ch\/fr\/wp-json\/wp\/v2\/listings\/6429","targetHints":{"allow":["GET"]}}],"collection":[{"href":"https:\/\/mediumterm.ch\/fr\/wp-json\/wp\/v2\/listings"}],"about":[{"href":"https:\/\/mediumterm.ch\/fr\/wp-json\/wp\/v2\/types\/listing"}],"author":[{"embeddable":true,"href":"https:\/\/mediumterm.ch\/fr\/wp-json\/wp\/v2\/users\/30"}],"version-history":[{"count":9,"href":"https:\/\/mediumterm.ch\/fr\/wp-json\/wp\/v2\/listings\/6429\/revisions"}],"predecessor-version":[{"id":13587,"href":"https:\/\/mediumterm.ch\/fr\/wp-json\/wp\/v2\/listings\/6429\/revisions\/13587"}],"wp:featuredmedia":[{"embeddable":true,"href":"https:\/\/mediumterm.ch\/fr\/wp-json\/wp\/v2\/media\/11101"}],"wp:attachment":[{"href":"https:\/\/mediumterm.ch\/fr\/wp-json\/wp\/v2\/media?parent=6429"}],"wp:term":[{"taxonomy":"listing_type","embeddable":true,"href":"https:\/\/mediumterm.ch\/fr\/wp-json\/wp\/v2\/listing_type?post=6429"},{"taxonomy":"room_type","embeddable":true,"href":"https:\/\/mediumterm.ch\/fr\/wp-json\/wp\/v2\/room_type?post=6429"},{"taxonomy":"listing_amenity","embeddable":true,"href":"https:\/\/mediumterm.ch\/fr\/wp-json\/wp\/v2\/amenities?post=6429"},{"taxonomy":"listing_facility","embeddable":true,"href":"https:\/\/mediumterm.ch\/fr\/wp-json\/wp\/v2\/facilities?post=6429"},{"taxonomy":"listing_country","embeddable":true,"href":"https:\/\/mediumterm.ch\/fr\/wp-json\/wp\/v2\/listing_countries?post=6429"},{"taxonomy":"listing_state","embeddable":true,"href":"https:\/\/mediumterm.ch\/fr\/wp-json\/wp\/v2\/listing_states?post=6429"},{"taxonomy":"listing_city","embeddable":true,"href":"https:\/\/mediumterm.ch\/fr\/wp-json\/wp\/v2\/listing_cities?post=6429"},{"taxonomy":"listing_area","embeddable":true,"href":"https:\/\/mediumterm.ch\/fr\/wp-json\/wp\/v2\/listing_areas?post=6429"}],"curies":[{"name":"bien jou\u00e9","href":"https:\/\/api.w.org\/{rel}","templated":true}]}}

Résidenza Lungolago Melide pour 5

<p>Profitez de la tranquillité de cet appartement de 2 chambres avec vue sur le lac à Melide. </p>
<p>Offrant un accès facile au lac de Lugano, ce charmant appartement au deuxième étage peut accueillir jusqu'à 5 personnes, ce qui en fait un havre de paix idéal pour les familles ou les petits groupes.</p>
<p>Le salon accueillant comprend un canapé une place, un fauteuil et s'ouvre sur un balcon, idéal pour profiter de la vue imprenable. La cuisine ouverte est entièrement équipée avec une machine à café, un lave-vaisselle, une bouilloire électrique, un micro-ondes, un four, un grille-pain, des plaques de cuisson et un réfrigérateur, garantissant que vous avez tout ce dont vous avez besoin pour un séjour agréable. Parmi les commodités modernes supplémentaires, vous trouverez une connexion Wi-Fi gratuite, une Smart TV et une bibliothèque de livres.</p>
<p>À l'extérieur, vous pourrez vous détendre sur le balcon privé, qui offre un espace paisible pour profiter du soleil et admirer les vues captivantes sur le lac et les montagnes. Les clients peuvent également visiter une petite plage à 5 minutes à pied.</p>
<p>Dormir</p>
<p>Chambre 1 : La première chambre dispose d'un lit double confortable et d'une armoire. </p>
<p>Chambre 2 : La deuxième chambre comprend un lit double et une armoire. </p>
<p>Supplément : Le salon propose un canapé simple. </p>
<p>Salle de bains</p>
<p>La salle de bains est équipée d'un bidet, d'une douche et de toilettes. </p>
<p> Supplémentaire<br />
• Balcon • Chauffage central • En ville • Sur route principale • Télévision par satellite • Sèche-cheveux • Table et chaises d'extérieur • Bibliothèque de livres • Wi-Fi gratuit • Parking public payant</p>
<p>Localisation<br />
Melide est une charmante ville lacustre du sud de la Suisse, nichée sur les rives paisibles du lac de Lugano. À seulement 10 minutes à pied de cette propriété se trouve Swissminiatur, un charmant musée en plein air présentant des maquettes miniatures complexes des monuments les plus emblématiques de la Suisse — un endroit idéal pour les familles et les esprits curieux. Le Parco Ciani, un vaste parc au bord du lac doté de sentiers sinueux et de pelouses manucurées, se trouve à 12 minutes en voiture. Il y a une petite plage à 5 minutes à pied de l'appartement. </p>
<p>Un trajet de 15 minutes en voiture vous mène à la ville animée de Lugano, où la Piazza della Riforma, très fréquentée, vous invite à savourer un apéritif ou un espresso tout en profitant de l'atmosphère vivante. Les amateurs d'art apprécieront le MASI (Musée d'art de la Suisse italienne), situé à seulement 11 minutes en voiture, qui propose un calendrier renouvelé d'expositions contemporaines et classiques.</p>
<p>Pour les amoureux de la nature, le Parco San Grato se trouve à seulement 15 minutes en voiture. Situé sur les hauteurs des collines surplombant le lac, il propose des sentiers de promenade thématiques, des points de vue panoramiques et des attractions adaptées aux familles, telles que des balançoires artisanales, une aire de jeux et des soirées d'observation des étoiles occasionnelles.</p>
<p>Melide bénéficie également d'excellentes liaisons de transport, l'aéroport de Milan Malpensa se trouvant à seulement 55 minutes en voiture et celui de Milan Linate à environ 1 heure et 10 minutes de route.</p>

bien joué
