{"id":13624,"date":"2026-08-10T14:03:54","date_gmt":"2026-08-10T14:03:54","guid":{"rendered":"https:\/\/mediumterm.ch\/listing\/76-the-lake-house-luna\/"},"modified":"2026-09-01T00:03:37","modified_gmt":"2026-09-01T00:03:37","slug":"76-the-lake-house-luna","status":"publish","type":"listing","link":"https:\/\/mediumterm.ch\/it\/listing\/76-the-lake-house-luna\/","title":{"rendered":"76 La Casa sul Lago Luna"},"content":{"rendered":"<p>Ammira le viste panoramiche sul Lago di Lugano da questo spazioso appartamento per 6 persone. A sud dell'affascinante cittadina di Melide, l'appartamento al primo piano rappresenta un meraviglioso rifugio di vacanza per amici e familiari che desiderano rilassarsi ed esplorare questa bellissima zona.<\/p>\n<p>L'elegante e moderno appartamento \u00e8 ampio e luminoso grazie alle grandi ampie finestre che portano all'interno le viste panoramiche sul lago e sulle montagne. L'elegante soggiorno a pianta aperta \u00e8 arredato con un divano, una TV a schermo piatto e un tavolo da pranzo. La raffinata cucina si trova sul retro della stanza ed \u00e8 attrezzata con piano cottura a induzione, forno, lavastoviglie, frigorifero con freezer, tostapane e macchina da caff\u00e8 Nespresso.<\/p>\n<p>Porte a vetro conducono al balcone privato arredato con un tavolo in stile caff\u00e8 e sedie. Qui gli ospiti possono godere dei dintorni mozzafiato; il lago blu scintillante e le montagne incontaminate dall'altra parte.<\/p>\n<p>Gli ospiti hanno accesso a un giardino in comune in riva al lago. Qui troveranno lettini prendisole, oltre a tavoli e sedie per mangiare all'aperto.<\/p>\n<p>Dormire<br \/>\nCamera da letto 1: la luminosa camera da letto principale \u00e8 dotata di un letto matrimoniale, un ampio armadio e porte finestre che si aprono sul balcone privato con vista sul lago.<br \/>\nCamera da letto 2: Questa accogliente camera da letto \u00e8 arredata con due letti singoli, una postazione di lavoro adatta ai laptop e un armadio.<br \/>\nExtra: Il divano nel soggiorno si trasforma in un comodo letto matrimoniale.<\/p>\n<p>Bagno<br \/>\nIl bagno moderno e piastrellato \u00e8 dotato di doccia in vetro, lavabo, bidet e WC.<\/p>\n<p>Ulteriori<br \/>\n\u2022 Wi-Fi gratuito \u2022 Giardino in comune \u2022 Zona pranzo all'aperto (in comune) \u2022 Ascensore \u2022 Aria condizionata \u2022 Riscaldamento centralizzato \u2022 Smart TV \u2022 Lavatrice (in comune) \u2022 Spazio di lavoro adatti a laptop \u2022 Asciugacapelli \u2022 Parcheggio privato per 1 auto, si consiglia l'auto \u2022 Animali ammessi \u2022 Check-in dalle 16:00, check-out entro le 10:00 \u2022 Deposito cauzionale di 500 \u20ac per gruppi di et\u00e0 inferiore a 21 anni.<\/p>\n<p>Posizione<br \/>\nL'appartamento si trova di fronte alle rive del Lago di Lugano, a soli 2 minuti di auto dal centro di Melide. La cittadina \u00e8 situata in una cornice spettacolare, ai piedi di ripide colline boscose e all'estremit\u00e0 di un ponte-diga che attraversa il Lago di Lugano. Qui gli ospiti troveranno un supermercato e altri servizi, oltre a spiagge per nuotare nel lago e passeggiate lungo la riva. \u00c8 nota soprattutto per la Swissminiatur, un villaggio in miniatura che riproduce tutti i monumenti pi\u00f9 famosi della Svizzera. \u00c8 una fantastica gita di un giorno per tutta la famiglia.<\/p>\n<p>Piazza della Riforma \u00e8 il cuore di Lugano (a 13 minuti di auto) e il luogo ideale per un aperitivo o un espresso mentre si guarda il mondo che passa. La citt\u00e0 di Lugano \u00e8 nota per il suo ricco patrimonio culturale. Ospita numerosi musei e gallerie. Uno dei pi\u00f9 popolari \u00e8 il MASI (il Museo d'arte della Svizzera italiana) (a 11 minuti di auto), che ospita regolarmente mostre d'arte contemporanea.  <\/p>\n<p>Il Parco San Grato (a 16 minuti di auto), situato sulle prime alture, offre ai visitatori la possibilit\u00e0 di immergersi nella natura, con bellissime escursioni a tema e viste mozzafiato sul lago. C'\u00e8 molto da fare per i bambini, tra cui altalene artigianali, un parco giochi e serate speciali dedicate all'osservazione delle stelle.<\/p>\n<p>Gli aeroporti internazionali pi\u00f9 vicini si trovano in Italia: Milano Malpensa a 50 minuti di auto, o Milano Linate, a 1 ora e 10 minuti di viaggio.<\/p>","protected":false},"excerpt":{"rendered":"<p>Soak up the panoramic views of Lake Lugano, from this airy apartment for 6. To the south of the charming town of Melide, the first-floor apartment makes a wonderful holiday retreat for friends and family who want to relax and explore this beautiful area. The stylish, contemporary apartment is airy and bright thanks to the [&hellip;]<\/p>\n","protected":false},"author":30,"featured_media":14528,"parent":0,"menu_order":0,"template":"","listing_type":[62],"room_type":[254],"amenities":[1172,1195,1192,1148,1183,1182,1179,1205,1186,1150,1196,1165,1188,1152,1143,1190,1147],"facilities":[1101,1126,1103,1106],"listing_countries":[1024],"listing_states":[1070],"listing_cities":[1054],"listing_areas":[],"class_list":["post-13624","listing","type-listing","status-publish","has-post-thumbnail","hentry","listing_type-apartment","room_type-entire-place","listing_amenity-air-conditioning","listing_amenity-coffee-machine","listing_amenity-dishwasher","listing_amenity-free-wifi","listing_amenity-freezer","listing_amenity-fridge","listing_amenity-full-kitchen","listing_amenity-hair-dryer","listing_amenity-induction-hob","listing_amenity-laptop-friendly-workspace","listing_amenity-nespresso-machine","listing_amenity-outdoor-table-chairs","listing_amenity-oven","listing_amenity-smart-tv","listing_amenity-smoking-not-permitted","listing_amenity-toaster","listing_amenity-wifi","listing_facility-elevator","listing_facility-lake-view","listing_facility-private-parking-space","listing_facility-shared-garden","listing_country-switzerland","listing_state-ticino","listing_city-melide"],"_links":{"self":[{"href":"https:\/\/mediumterm.ch\/it\/wp-json\/wp\/v2\/listings\/13624","targetHints":{"allow":["GET"]}}],"collection":[{"href":"https:\/\/mediumterm.ch\/it\/wp-json\/wp\/v2\/listings"}],"about":[{"href":"https:\/\/mediumterm.ch\/it\/wp-json\/wp\/v2\/types\/listing"}],"author":[{"embeddable":true,"href":"https:\/\/mediumterm.ch\/it\/wp-json\/wp\/v2\/users\/30"}],"version-history":[{"count":1,"href":"https:\/\/mediumterm.ch\/it\/wp-json\/wp\/v2\/listings\/13624\/revisions"}],"predecessor-version":[{"id":13668,"href":"https:\/\/mediumterm.ch\/it\/wp-json\/wp\/v2\/listings\/13624\/revisions\/13668"}],"wp:featuredmedia":[{"embeddable":true,"href":"https:\/\/mediumterm.ch\/it\/wp-json\/wp\/v2\/media\/14528"}],"wp:attachment":[{"href":"https:\/\/mediumterm.ch\/it\/wp-json\/wp\/v2\/media?parent=13624"}],"wp:term":[{"taxonomy":"listing_type","embeddable":true,"href":"https:\/\/mediumterm.ch\/it\/wp-json\/wp\/v2\/listing_type?post=13624"},{"taxonomy":"room_type","embeddable":true,"href":"https:\/\/mediumterm.ch\/it\/wp-json\/wp\/v2\/room_type?post=13624"},{"taxonomy":"listing_amenity","embeddable":true,"href":"https:\/\/mediumterm.ch\/it\/wp-json\/wp\/v2\/amenities?post=13624"},{"taxonomy":"listing_facility","embeddable":true,"href":"https:\/\/mediumterm.ch\/it\/wp-json\/wp\/v2\/facilities?post=13624"},{"taxonomy":"listing_country","embeddable":true,"href":"https:\/\/mediumterm.ch\/it\/wp-json\/wp\/v2\/listing_countries?post=13624"},{"taxonomy":"listing_state","embeddable":true,"href":"https:\/\/mediumterm.ch\/it\/wp-json\/wp\/v2\/listing_states?post=13624"},{"taxonomy":"listing_city","embeddable":true,"href":"https:\/\/mediumterm.ch\/it\/wp-json\/wp\/v2\/listing_cities?post=13624"},{"taxonomy":"listing_area","embeddable":true,"href":"https:\/\/mediumterm.ch\/it\/wp-json\/wp\/v2\/listing_areas?post=13624"}],"curies":[{"name":"wp","href":"https:\/\/api.w.org\/{rel}","templated":true}]}}

<p>Ammira le viste panoramiche sul Lago di Lugano da questo spazioso appartamento per 6 persone. A sud dell'affascinante cittadina di Melide, l'appartamento al primo piano rappresenta un meraviglioso rifugio di vacanza per amici e familiari che desiderano rilassarsi ed esplorare questa bellissima zona.</p>
<p>L'elegante e moderno appartamento è ampio e luminoso grazie alle grandi ampie finestre che portano all'interno le viste panoramiche sul lago e sulle montagne. L'elegante soggiorno a pianta aperta è arredato con un divano, una TV a schermo piatto e un tavolo da pranzo. La raffinata cucina si trova sul retro della stanza ed è attrezzata con piano cottura a induzione, forno, lavastoviglie, frigorifero con freezer, tostapane e macchina da caffè Nespresso.</p>
<p>Porte a vetro conducono al balcone privato arredato con un tavolo in stile caffè e sedie. Qui gli ospiti possono godere dei dintorni mozzafiato; il lago blu scintillante e le montagne incontaminate dall'altra parte.</p>
<p>Gli ospiti hanno accesso a un giardino in comune in riva al lago. Qui troveranno lettini prendisole, oltre a tavoli e sedie per mangiare all'aperto.</p>
<p>Dormire<br />
Camera da letto 1: la luminosa camera da letto principale è dotata di un letto matrimoniale, un ampio armadio e porte finestre che si aprono sul balcone privato con vista sul lago.<br />
Camera da letto 2: Questa accogliente camera da letto è arredata con due letti singoli, una postazione di lavoro adatta ai laptop e un armadio.<br />
Extra: Il divano nel soggiorno si trasforma in un comodo letto matrimoniale.</p>
<p>Bagno<br />
Il bagno moderno e piastrellato è dotato di doccia in vetro, lavabo, bidet e WC.</p>
<p>Ulteriori<br />
• Wi-Fi gratuito • Giardino in comune • Zona pranzo all'aperto (in comune) • Ascensore • Aria condizionata • Riscaldamento centralizzato • Smart TV • Lavatrice (in comune) • Spazio di lavoro adatti a laptop • Asciugacapelli • Parcheggio privato per 1 auto, si consiglia l'auto • Animali ammessi • Check-in dalle 16:00, check-out entro le 10:00 • Deposito cauzionale di 500 € per gruppi di età inferiore a 21 anni.</p>
<p>Posizione<br />
L'appartamento si trova di fronte alle rive del Lago di Lugano, a soli 2 minuti di auto dal centro di Melide. La cittadina è situata in una cornice spettacolare, ai piedi di ripide colline boscose e all'estremità di un ponte-diga che attraversa il Lago di Lugano. Qui gli ospiti troveranno un supermercato e altri servizi, oltre a spiagge per nuotare nel lago e passeggiate lungo la riva. È nota soprattutto per la Swissminiatur, un villaggio in miniatura che riproduce tutti i monumenti più famosi della Svizzera. È una fantastica gita di un giorno per tutta la famiglia.</p>
<p>Piazza della Riforma è il cuore di Lugano (a 13 minuti di auto) e il luogo ideale per un aperitivo o un espresso mentre si guarda il mondo che passa. La città di Lugano è nota per il suo ricco patrimonio culturale. Ospita numerosi musei e gallerie. Uno dei più popolari è il MASI (il Museo d'arte della Svizzera italiana) (a 11 minuti di auto), che ospita regolarmente mostre d'arte contemporanea.  </p>
<p>Il Parco San Grato (a 16 minuti di auto), situato sulle prime alture, offre ai visitatori la possibilità di immergersi nella natura, con bellissime escursioni a tema e viste mozzafiato sul lago. C'è molto da fare per i bambini, tra cui altalene artigianali, un parco giochi e serate speciali dedicate all'osservazione delle stelle.</p>
<p>Gli aeroporti internazionali più vicini si trovano in Italia: Milano Malpensa a 50 minuti di auto, o Milano Linate, a 1 ora e 10 minuti di viaggio.</p>
