{"id":13638,"date":"2026-08-10T14:04:16","date_gmt":"2026-08-10T14:04:16","guid":{"rendered":"https:\/\/mediumterm.ch\/listing\/casa-maamii-mugena-with-terrace-and-parking\/"},"modified":"2026-09-01T00:03:57","modified_gmt":"2026-09-01T00:03:57","slug":"casa-maamii-mugena-with-terrace-and-parking","status":"publish","type":"listing","link":"https:\/\/mediumterm.ch\/it\/listing\/casa-maamii-mugena-with-terrace-and-parking\/","title":{"rendered":"Casa Maamii Mugena Con Terrazza E Parcheggio"},"content":{"rendered":"<p>Ritiratevi nella pace e nella tranquillit\u00e0 della campagna ticinese in questo accogliente appartamento con terrazza rivestito in legno per 4 persone a Mugena, immerso nel verde e incorniciato da viste sulle montagne. L'appartamento al piano terra dispone di 1 camera da letto e di un soggiorno arredato con due divani singoli che possono ospitare ospiti aggiuntivi, con apertura su una terrazza privata. La cucina completamente attrezzata rende facile cucinare in autonomia, mentre la connessione Wi-Fi gratuita e una Smart TV intrattengono gli ospiti. All'esterno, un giardino in comune offre molto spazio per rilassarsi, mentre la terrazza privata \u00e8 arredata con mobili da pranzo all'aperto, perfetti per i pasti nel soleggiato clima svizzero.<\/p>\n<p>Dormire<\/p>\n<p>Camera 1: Un letto matrimoniale e un armadio.<br \/>\nSalotto: Due poltrone singole che possono ospitare ospiti aggiuntivi.<\/p>\n<p>Bagno<\/p>\n<p>Bagno 1: Un bagno con bidet, doccia e WC.<\/p>\n<p>Ulteriori<\/p>\n<p>Animali ammessi \u2022 Adatto ai bambini \u2022 Adatto agli anziani \u2022 Posto auto privato \u2022 Smart TV \u2022 Giardino in comune \u2022 Tavolo e sedie da esterno \u2022 Lavatrice privata \u2022 Asciugatrice privata \u2022 Asse e ferro da stiro<\/p>\n<p>Posizione<\/p>\n<p>Questa propriet\u00e0 a Mugena sorge tra laghi e sentieri escursionistici panoramici nella campagna ticinese, con il Sentiero del Castagno a soli 10 minuti a piedi. Per un autentico assaggio della regione, il Grotto Sgambada, un accogliente e tradizionale grotto ticinese, si trova a 5 minuti di auto, e vi \u00e8 anche un ristorante nelle vicinanze. Il Lago di Lugano, con i suoi negozi e il lungolago, \u00e8 raggiungibile in 20 minuti di auto, cos\u00ec come il Museo del Malcantone, un piccolo ma affascinante sguardo sulla storia locale, sulle tradizioni e sulla vita rurale. Una fermata dell'autobus e un negozio di alimentari si trovano a 10 minuti a piedi, con un servizio di autobus regolare che collega alla zona circostante. L'Aeroporto di Lugano dista circa 30 minuti di auto, mentre Milano Malpensa si trova a circa 1 ora e 30 minuti.<\/p>","protected":false},"excerpt":{"rendered":"<p>Retreat to the peace and quiet of the Ticino countryside at this cosy, timber-clad terrace apartment for 4 in Mugena, surrounded by greenery and framed by mountain views. The ground-floor apartment has 1 bedroom and a living room furnished with two single sofas that can sleep extra guests, opening onto a private terrace. The fully [&hellip;]<\/p>\n","protected":false},"author":30,"featured_media":15014,"parent":0,"menu_order":0,"template":"","listing_type":[62],"room_type":[254],"amenities":[1195,1191,1148,1183,1182,1179,1186,1196,1165,1188,1169,1152,1143,1145,1190,1151,1171,1147],"facilities":[1120,1103,1106],"listing_countries":[1024],"listing_states":[1070],"listing_cities":[1311],"listing_areas":[],"class_list":["post-13638","listing","type-listing","status-publish","has-post-thumbnail","hentry","listing_type-apartment","room_type-entire-place","listing_amenity-coffee-machine","listing_amenity-electric-kettle","listing_amenity-free-wifi","listing_amenity-freezer","listing_amenity-fridge","listing_amenity-full-kitchen","listing_amenity-induction-hob","listing_amenity-nespresso-machine","listing_amenity-outdoor-table-chairs","listing_amenity-oven","listing_amenity-quiet-area","listing_amenity-smart-tv","listing_amenity-smoking-not-permitted","listing_amenity-suitable-for-elderly","listing_amenity-toaster","listing_amenity-tv","listing_amenity-very-sunny-position","listing_amenity-wifi","listing_facility-car-not-necessary","listing_facility-private-parking-space","listing_facility-shared-garden","listing_country-switzerland","listing_state-ticino","listing_city-mugena"],"_links":{"self":[{"href":"https:\/\/mediumterm.ch\/it\/wp-json\/wp\/v2\/listings\/13638","targetHints":{"allow":["GET"]}}],"collection":[{"href":"https:\/\/mediumterm.ch\/it\/wp-json\/wp\/v2\/listings"}],"about":[{"href":"https:\/\/mediumterm.ch\/it\/wp-json\/wp\/v2\/types\/listing"}],"author":[{"embeddable":true,"href":"https:\/\/mediumterm.ch\/it\/wp-json\/wp\/v2\/users\/30"}],"version-history":[{"count":2,"href":"https:\/\/mediumterm.ch\/it\/wp-json\/wp\/v2\/listings\/13638\/revisions"}],"predecessor-version":[{"id":15078,"href":"https:\/\/mediumterm.ch\/it\/wp-json\/wp\/v2\/listings\/13638\/revisions\/15078"}],"wp:featuredmedia":[{"embeddable":true,"href":"https:\/\/mediumterm.ch\/it\/wp-json\/wp\/v2\/media\/15014"}],"wp:attachment":[{"href":"https:\/\/mediumterm.ch\/it\/wp-json\/wp\/v2\/media?parent=13638"}],"wp:term":[{"taxonomy":"listing_type","embeddable":true,"href":"https:\/\/mediumterm.ch\/it\/wp-json\/wp\/v2\/listing_type?post=13638"},{"taxonomy":"room_type","embeddable":true,"href":"https:\/\/mediumterm.ch\/it\/wp-json\/wp\/v2\/room_type?post=13638"},{"taxonomy":"listing_amenity","embeddable":true,"href":"https:\/\/mediumterm.ch\/it\/wp-json\/wp\/v2\/amenities?post=13638"},{"taxonomy":"listing_facility","embeddable":true,"href":"https:\/\/mediumterm.ch\/it\/wp-json\/wp\/v2\/facilities?post=13638"},{"taxonomy":"listing_country","embeddable":true,"href":"https:\/\/mediumterm.ch\/it\/wp-json\/wp\/v2\/listing_countries?post=13638"},{"taxonomy":"listing_state","embeddable":true,"href":"https:\/\/mediumterm.ch\/it\/wp-json\/wp\/v2\/listing_states?post=13638"},{"taxonomy":"listing_city","embeddable":true,"href":"https:\/\/mediumterm.ch\/it\/wp-json\/wp\/v2\/listing_cities?post=13638"},{"taxonomy":"listing_area","embeddable":true,"href":"https:\/\/mediumterm.ch\/it\/wp-json\/wp\/v2\/listing_areas?post=13638"}],"curies":[{"name":"wp","href":"https:\/\/api.w.org\/{rel}","templated":true}]}}

<p>Ritiratevi nella pace e nella tranquillità della campagna ticinese in questo accogliente appartamento con terrazza rivestito in legno per 4 persone a Mugena, immerso nel verde e incorniciato da viste sulle montagne. L'appartamento al piano terra dispone di 1 camera da letto e di un soggiorno arredato con due divani singoli che possono ospitare ospiti aggiuntivi, con apertura su una terrazza privata. La cucina completamente attrezzata rende facile cucinare in autonomia, mentre la connessione Wi-Fi gratuita e una Smart TV intrattengono gli ospiti. All'esterno, un giardino in comune offre molto spazio per rilassarsi, mentre la terrazza privata è arredata con mobili da pranzo all'aperto, perfetti per i pasti nel soleggiato clima svizzero.</p>
<p>Dormire</p>
<p>Camera 1: Un letto matrimoniale e un armadio.<br />
Salotto: Due poltrone singole che possono ospitare ospiti aggiuntivi.</p>
<p>Bagno</p>
<p>Bagno 1: Un bagno con bidet, doccia e WC.</p>
<p>Ulteriori</p>
<p>Animali ammessi • Adatto ai bambini • Adatto agli anziani • Posto auto privato • Smart TV • Giardino in comune • Tavolo e sedie da esterno • Lavatrice privata • Asciugatrice privata • Asse e ferro da stiro</p>
<p>Posizione</p>
<p>Questa proprietà a Mugena sorge tra laghi e sentieri escursionistici panoramici nella campagna ticinese, con il Sentiero del Castagno a soli 10 minuti a piedi. Per un autentico assaggio della regione, il Grotto Sgambada, un accogliente e tradizionale grotto ticinese, si trova a 5 minuti di auto, e vi è anche un ristorante nelle vicinanze. Il Lago di Lugano, con i suoi negozi e il lungolago, è raggiungibile in 20 minuti di auto, così come il Museo del Malcantone, un piccolo ma affascinante sguardo sulla storia locale, sulle tradizioni e sulla vita rurale. Una fermata dell'autobus e un negozio di alimentari si trovano a 10 minuti a piedi, con un servizio di autobus regolare che collega alla zona circostante. L'Aeroporto di Lugano dista circa 30 minuti di auto, mentre Milano Malpensa si trova a circa 1 ora e 30 minuti.</p>
