{"id":6146,"date":"2025-09-11T02:40:53","date_gmt":"2025-09-11T02:40:53","guid":{"rendered":"https:\/\/dev.mediumterm.ch\/\/listing\/residenza-parco-carona\/"},"modified":"2026-09-01T02:00:44","modified_gmt":"2026-09-01T02:00:44","slug":"residenza-parco-carona","status":"publish","type":"listing","link":"https:\/\/mediumterm.ch\/it\/listing\/residenza-parco-carona\/","title":{"rendered":"Residenza Parco Carona con vista lago"},"content":{"rendered":"<p>Un ampio appartamento, in una residenza moderna e suggestiva, in alto su un fianco della collina, in una zona verde e tranquilla nella parte meridionale di Lugano, con splendida vista sul lago.<\/p>\n<p>Questo appartamento contemporaneo con 2 camere da letto al 2\u00b0 piano pu\u00f2 ospitare 4 persone ed \u00e8 la scelta perfetta per chiunque desideri esplorare il Lago di Lugano in qualsiasi periodo dell'anno.<\/p>\n<p>L'appartamento \u00e8 interamente pavimentato con eleganti parquet e presenta molte caratteristiche di stile. La zona giorno, ariosa e luminosa, \u00e8 arredata con un chic divano angolare, due poltrone e una grande TV HD a schermo piatto. Ampie porte a vetri conducono a un balcone coperto dotato di un tavolo e quattro sedie. All'altra estremit\u00e0 della zona giorno si trova un secondo balcone, chiuso a vetri e convertito in una luminosa sala da pranzo per 6 persone, con splendide viste sul lago e sul Monte San Salvatore.  <\/p>\n<p>La cucina ultramoderna \u00e8 completamente attrezzata con piano cottura, forno, microonde, lavastoviglie, frigorifero in stile americano con congelatore, tostapane e macchina per il caff\u00e8 Nespresso. Accanto alla cucina si trova un locale di servizio completo di lavatrice e asciugatrice.<\/p>\n<p>Dormire<br \/>\nCamera da letto 1: la luminosa camera da letto principale dispone di un ampio letto matrimoniale, di un generoso spazio guardaroba e di un'area salotto dove gli ospiti possono rilassarsi in privato. C'\u00e8 anche un bagno en suite.<br \/>\nCamera da letto 2: Una camera soleggiata con una finestra angolare e viste spettacolari sul lago. Questa camera da letto dispone di un comodo divano letto per 2 persone, di un armadio e di una toeletta che all'occorrenza funge anche da postazione di lavoro. Dispone di un bagno en suite e dell'accesso al balcone vetrato tramite una porta separata.<\/p>\n<p>Bagni<br \/>\nBagno 1: Un bagno en suite per la camera da letto 1. Questo grazioso bagno piastrellato \u00e8 dotato di una vasca completa con doccia, lavabo e WC.<br \/>\nBagno 2: Un bagno en suite per la camera da letto 2 con doccia in vetro, lavabo e WC.<\/p>\n<p>Ulteriori<br \/>\n\u2022 Wi-Fi gratuito \u2022 Riscaldamento centralizzato \u2022 Lavatrice, asciugatrice, ferro e asse da stiro in comune \u2022 Area di lavoro adatta ai laptop \u2022 Asciugacapelli \u2022 Smaltimento rifiuti \u2022 Parcheggio privato, si consiglia l'auto \u2022 Adatto ai bambini \u2022 Adatto agli anziani<\/p>\n<p>Posizione<br \/>\nL'appartamento \u00e8 situato a 8 km da Piazza della Riforma, il cuore di Lugano (20 minuti in auto). Il luogo ideale per un aperitivo o un espresso mentre guardi il mondo che scorre.<\/p>\n<p>Nel cantone svizzero di Ticino, di lingua italiana, la citt\u00e0 di Lugano \u00e8 nota per il suo ricco patrimonio culturale e la sua splendida cornice naturale. Sulle rive del Lago di Lugano, la passeggiata a lago \u00e8 imperdibile. Oppure fate una gita di un giorno sul lago, per apprezzare appieno il magnifico paesaggio.<\/p>\n<p>La citt\u00e0 ospita molti musei e gallerie. Uno dei pi\u00f9 popolari \u00e8 il MASI (il Museo d'arte della Svizzera italiana) (a 17 minuti di auto), che ospita regolarmente mostre di arte contemporanea.  <\/p>\n<p>Gli ospiti possono anche prendere la funicolare fino alla cima del Monte San Salvatore (a 11 minuti di auto) per godere delle migliori viste sul lago e sulle montagne circostanti.<\/p>\n<p>Il Parco San Grato (a 4 minuti di auto) offre ai visitatori la possibilit\u00e0 di immergersi nella natura, con bellissime escursioni a tema e viste mozzafiato sul lago. C'altrettanto da fare per i bambini, tra cui altalene artigianali, un parco giochi e serate speciali di osservazione delle stelle.<\/p>\n<p>Gli aeroporti internazionali pi\u00f9 vicini si trovano in Italia: Milano Malpensa, a 1 ora e 13 minuti di auto, o Milano Linate, a 1 ora e 27 minuti di viaggio.<\/p>","protected":false},"excerpt":{"rendered":"<p>A spacious apartment, in a striking modern residence, high on a hillside, in a green and quiet area of southern Lugano, with stunning lake views. This 2nd-floor, 2-bedroom, contemporary apartment sleeps 4 people and is the perfect choice for anyone looking to explore the Lago di Lugano at any time of year. The apartment has [&hellip;]<\/p>\n","protected":false},"author":30,"featured_media":7621,"parent":0,"menu_order":0,"template":"","listing_type":[62],"room_type":[254],"amenities":[1184,1162,1195,1185,1192,1191,1175,1148,1183,1179,1205,1155,1146,1202,1150,1207,1189,1196,1164,1165,1188,1137,1169,1153,1152,1143,1145,1163,1190,1151,1170,1203,1193,1147],"facilities":[1101,1126,1122,1103,1106],"listing_countries":[1024],"listing_states":[1023,1070],"listing_cities":[944],"listing_areas":[1253],"class_list":["post-6146","listing","type-listing","status-publish","has-post-thumbnail","hentry","listing_type-apartment","room_type-entire-place","listing_amenity-american-style-fridge","listing_amenity-balcony","listing_amenity-coffee-machine","listing_amenity-cooker-hob","listing_amenity-dishwasher","listing_amenity-electric-kettle","listing_amenity-electric-radiators","listing_amenity-free-wifi","listing_amenity-freezer","listing_amenity-full-kitchen","listing_amenity-hair-dryer","listing_amenity-high-definition-tv","listing_amenity-honeymoon-friendly","listing_amenity-iron-ironing-board","listing_amenity-laptop-friendly-workspace","listing_amenity-lounge-diner","listing_amenity-microwave","listing_amenity-nespresso-machine","listing_amenity-outdoor-dining-area","listing_amenity-outdoor-table-chairs","listing_amenity-oven","listing_amenity-pets-not-permitted","listing_amenity-quiet-area","listing_amenity-satellite-tv","listing_amenity-smart-tv","listing_amenity-smoking-not-permitted","listing_amenity-suitable-for-elderly","listing_amenity-terrace","listing_amenity-toaster","listing_amenity-tv","listing_amenity-very-quiet-location","listing_amenity-washing-machine","listing_amenity-waste-disposal","listing_amenity-wifi","listing_facility-elevator","listing_facility-lake-view","listing_facility-on-hillside","listing_facility-private-parking-space","listing_facility-shared-garden","listing_country-switzerland","listing_state-distretto-di-lugano","listing_state-ticino","listing_city-lugano","listing_area-circolo-di-lugano-ovest"],"_links":{"self":[{"href":"https:\/\/mediumterm.ch\/it\/wp-json\/wp\/v2\/listings\/6146","targetHints":{"allow":["GET"]}}],"collection":[{"href":"https:\/\/mediumterm.ch\/it\/wp-json\/wp\/v2\/listings"}],"about":[{"href":"https:\/\/mediumterm.ch\/it\/wp-json\/wp\/v2\/types\/listing"}],"author":[{"embeddable":true,"href":"https:\/\/mediumterm.ch\/it\/wp-json\/wp\/v2\/users\/30"}],"version-history":[{"count":6,"href":"https:\/\/mediumterm.ch\/it\/wp-json\/wp\/v2\/listings\/6146\/revisions"}],"predecessor-version":[{"id":13513,"href":"https:\/\/mediumterm.ch\/it\/wp-json\/wp\/v2\/listings\/6146\/revisions\/13513"}],"wp:featuredmedia":[{"embeddable":true,"href":"https:\/\/mediumterm.ch\/it\/wp-json\/wp\/v2\/media\/7621"}],"wp:attachment":[{"href":"https:\/\/mediumterm.ch\/it\/wp-json\/wp\/v2\/media?parent=6146"}],"wp:term":[{"taxonomy":"listing_type","embeddable":true,"href":"https:\/\/mediumterm.ch\/it\/wp-json\/wp\/v2\/listing_type?post=6146"},{"taxonomy":"room_type","embeddable":true,"href":"https:\/\/mediumterm.ch\/it\/wp-json\/wp\/v2\/room_type?post=6146"},{"taxonomy":"listing_amenity","embeddable":true,"href":"https:\/\/mediumterm.ch\/it\/wp-json\/wp\/v2\/amenities?post=6146"},{"taxonomy":"listing_facility","embeddable":true,"href":"https:\/\/mediumterm.ch\/it\/wp-json\/wp\/v2\/facilities?post=6146"},{"taxonomy":"listing_country","embeddable":true,"href":"https:\/\/mediumterm.ch\/it\/wp-json\/wp\/v2\/listing_countries?post=6146"},{"taxonomy":"listing_state","embeddable":true,"href":"https:\/\/mediumterm.ch\/it\/wp-json\/wp\/v2\/listing_states?post=6146"},{"taxonomy":"listing_city","embeddable":true,"href":"https:\/\/mediumterm.ch\/it\/wp-json\/wp\/v2\/listing_cities?post=6146"},{"taxonomy":"listing_area","embeddable":true,"href":"https:\/\/mediumterm.ch\/it\/wp-json\/wp\/v2\/listing_areas?post=6146"}],"curies":[{"name":"wp","href":"https:\/\/api.w.org\/{rel}","templated":true}]}}

<p>Un ampio appartamento, in una residenza moderna e suggestiva, in alto su un fianco della collina, in una zona verde e tranquilla nella parte meridionale di Lugano, con splendida vista sul lago.</p>
<p>Questo appartamento contemporaneo con 2 camere da letto al 2° piano può ospitare 4 persone ed è la scelta perfetta per chiunque desideri esplorare il Lago di Lugano in qualsiasi periodo dell'anno.</p>
<p>L'appartamento è interamente pavimentato con eleganti parquet e presenta molte caratteristiche di stile. La zona giorno, ariosa e luminosa, è arredata con un chic divano angolare, due poltrone e una grande TV HD a schermo piatto. Ampie porte a vetri conducono a un balcone coperto dotato di un tavolo e quattro sedie. All'altra estremità della zona giorno si trova un secondo balcone, chiuso a vetri e convertito in una luminosa sala da pranzo per 6 persone, con splendide viste sul lago e sul Monte San Salvatore.  </p>
<p>La cucina ultramoderna è completamente attrezzata con piano cottura, forno, microonde, lavastoviglie, frigorifero in stile americano con congelatore, tostapane e macchina per il caffè Nespresso. Accanto alla cucina si trova un locale di servizio completo di lavatrice e asciugatrice.</p>
<p>Dormire<br />
Camera da letto 1: la luminosa camera da letto principale dispone di un ampio letto matrimoniale, di un generoso spazio guardaroba e di un'area salotto dove gli ospiti possono rilassarsi in privato. C'è anche un bagno en suite.<br />
Camera da letto 2: Una camera soleggiata con una finestra angolare e viste spettacolari sul lago. Questa camera da letto dispone di un comodo divano letto per 2 persone, di un armadio e di una toeletta che all'occorrenza funge anche da postazione di lavoro. Dispone di un bagno en suite e dell'accesso al balcone vetrato tramite una porta separata.</p>
<p>Bagni<br />
Bagno 1: Un bagno en suite per la camera da letto 1. Questo grazioso bagno piastrellato è dotato di una vasca completa con doccia, lavabo e WC.<br />
Bagno 2: Un bagno en suite per la camera da letto 2 con doccia in vetro, lavabo e WC.</p>
<p>Ulteriori<br />
• Wi-Fi gratuito • Riscaldamento centralizzato • Lavatrice, asciugatrice, ferro e asse da stiro in comune • Area di lavoro adatta ai laptop • Asciugacapelli • Smaltimento rifiuti • Parcheggio privato, si consiglia l'auto • Adatto ai bambini • Adatto agli anziani</p>
<p>Posizione<br />
L'appartamento è situato a 8 km da Piazza della Riforma, il cuore di Lugano (20 minuti in auto). Il luogo ideale per un aperitivo o un espresso mentre guardi il mondo che scorre.</p>
<p>Nel cantone svizzero di Ticino, di lingua italiana, la città di Lugano è nota per il suo ricco patrimonio culturale e la sua splendida cornice naturale. Sulle rive del Lago di Lugano, la passeggiata a lago è imperdibile. Oppure fate una gita di un giorno sul lago, per apprezzare appieno il magnifico paesaggio.</p>
<p>La città ospita molti musei e gallerie. Uno dei più popolari è il MASI (il Museo d'arte della Svizzera italiana) (a 17 minuti di auto), che ospita regolarmente mostre di arte contemporanea.  </p>
<p>Gli ospiti possono anche prendere la funicolare fino alla cima del Monte San Salvatore (a 11 minuti di auto) per godere delle migliori viste sul lago e sulle montagne circostanti.</p>
<p>Il Parco San Grato (a 4 minuti di auto) offre ai visitatori la possibilità di immergersi nella natura, con bellissime escursioni a tema e viste mozzafiato sul lago. C'altrettanto da fare per i bambini, tra cui altalene artigianali, un parco giochi e serate speciali di osservazione delle stelle.</p>
<p>Gli aeroporti internazionali più vicini si trovano in Italia: Milano Malpensa, a 1 ora e 13 minuti di auto, o Milano Linate, a 1 ora e 27 minuti di viaggio.</p>
