{"id":6393,"date":"2025-09-11T02:44:21","date_gmt":"2025-09-11T02:44:21","guid":{"rendered":"https:\/\/dev.mediumterm.ch\/\/listing\/casa-angelina-panoramica-monte-bre\/"},"modified":"2026-09-01T00:02:11","modified_gmt":"2026-09-01T00:02:11","slug":"casa-angelina-panoramica-monte-bre","status":"publish","type":"listing","link":"https:\/\/mediumterm.ch\/it\/listing\/casa-angelina-panoramica-monte-bre\/","title":{"rendered":"Angelina: Casa con vista panoramica sul lago a Monte Br\u00e8 | Terrazza e balcone"},"content":{"rendered":"<p>Ammira il Lago di Lugano dalle alture di Monte Br\u00e8 in questa villetta a schiera panoramica con vista lago per 4 persone!<\/p>\n<p>Perfetto per un piccolo gruppo, coppie o famiglie, questo tranquillo rifugio con 1 camera da letto \u00e8 dotato di ogni comfort moderno per garantire una fuga serena. Con ingresso al piano terra, la villetta a schiera \u00e8 disposta su 3 livelli e presenta interni contemporanei. Al piano terra si trovano la zona pranzo ben attrezzata e la cucina, mentre al primo piano vi \u00e8 una zona giorno con Smart TV e accesso diretto a un accogliente balcone dove potersi godere il caff\u00e8 mattutino con una vista mozzafiato sul Lago di Lugano.<\/p>\n<p>Una rampa di scale conduce al livello superiore della casa, dove la camera da letto offre un rifugio confortevole. Nel frattempo, l'affascinante terrazza offre lo spazio ideale per godersi cene all'aperto. Gli ospiti troveranno una serie di comfort, tra cui una macchina da caff\u00e8, una lavastoviglie, un forno a microonde, un tostapane e un frigorifero con freezer, per preparare pasti deliziosi ma spensierati durante il loro soggiorno.<\/p>\n<p>Dormire <\/p>\n<p>Camera da letto 1: La camera \u00e8 arredata con un letto matrimoniale e un armadio<br \/>\nSoggiorno: C'\u00e8 un divano letto matrimoniale per 2 persone.<\/p>\n<p> Bagno<\/p>\n<p>Bagno 1: Il bagno completo \u00e8 dotato di doccia e WC.<\/p>\n<p>Ulteriori<\/p>\n<p> \u2022 Terrazza privata \u2022 Wi-Fi gratuito \u2022 Adatto ai bambini \u2022 Asciugacapelli \u2022 Pranzo all'aperto \u2022 Smart TV \u2022 2 lettini prendisole \u2022 Parcheggio pubblico gratuito<\/p>\n<p>Nota Bene<\/p>\n<p>Il parcheggio \u00e8 disponibile sulla piazza nel centro del villaggio a 1 CHF ogni 2 ore dalle 07.00 alle 19.00. Il parcheggio notturno \u00e8 gratuito. Le tariffe di parcheggio sono flessibili.<br \/>\nSi consiglia di fare la spesa prima di arrivare all'alloggio, poich\u00e9 non ci sono supermercati a Br\u00e9.<br \/>\nIl camino non pu\u00f2 essere usato.<\/p>\n<p> Posizione<\/p>\n<p>La propriet\u00e0 \u00e8 situata in una strada secondaria in una posizione tranquilla nel villaggio di Br\u00e8, che si trova a 800 metri sul livello del mare ed \u00e8 uno dei villaggi pi\u00f9 soleggiati del Ticino. Tuttavia, gli ospiti non sono molto lontani dai servizi della citt\u00e0; l'autobus n. 12 collega Br\u00e8 al centro di Lugano ogni 30 minuti. La fermata dell'autobus si trova a soli 4 minuti a piedi da qui. Con la Funicolare di Monte Br\u00e8, \u00e8 possibile raggiungere Cassarate con corse ogni 30 minuti, che dista 7 minuti in auto o 25 minuti a piedi (passando per il mozzafiato punto panoramico di Br\u00e8) da qui. <\/p>\n<p>Dall'appartamento, il parco, il Museo Wilhelm Schmid, le bancarelle del mercato all'aperto e il Salotto BR\u00c8 e il Grotto Castagneto distano circa 5 minuti a piedi. Durante gli orari di apertura della funicolare, ci sono anche altri due bei ristoranti con terrazza panoramica: il Ristorante Vetta e l'Osteria Funicolare alla Vetta del Monte Br\u00e8, raggiungibili in circa 30 minuti a piedi dal paese.<\/p>\n<p>Ci sono anche innumerevoli possibilit\u00e0 per passeggiate ed escursioni nella zona, poich\u00e9 il Monte Boglia si trova a 2,5 ore, Gandria a 1,5 ore, Cureggia a 40 minuti e la discesa a Lugano a 2 ore. Il villaggio di Br\u00e8 \u00e8 anche noto per il suo arredo artistico nel nucleo del paese, con 20 opere d'arte di artisti internazionali. Nella chiesa di San Simone e San Fedele si possono ammirare gli affreschi di Joseph Bir\u00f2, un famoso artista ungherese.<\/p>\n<p>I negozi pi\u00f9 vicini si trovano ai piedi della montagna, a Cassarate (Migros) e Viganello (Coop, Denner, Aldi e Lidl). In 30 minuti di auto si raggiunge Porlezza (Italia) con vari negozi. <\/p>\n<p>L'aeroporto pi\u00f9 vicino \u00e8 l'Aeroporto di Lugano (a 30 minuti di auto), mentre il pi\u00f9 vicino aeroporto internazionale \u00e8 Milano Malpensa, a circa un'ora e 20 minuti di auto.<\/p>","protected":false},"excerpt":{"rendered":"<p>Soak up Lake Lugano from the heights of Monte Br\u00e8 at this panoramic lake-view townhouse for 4! Perfect for a small group, couples or family, this tranquil 1-bedroom retreat is equipped with every modern comfort to ensure a serene escape. With the entrance from the ground floor, the townhouse is split into 3 levels and [&hellip;]<\/p>\n","protected":false},"author":30,"featured_media":10238,"parent":0,"menu_order":0,"template":"","listing_type":[343],"room_type":[254],"amenities":[1195,1185,1192,1191,1175,1148,1183,1182,1179,1205,1202,1150,1189,1196,1164,1165,1137,1169,1153,1152,1143,1163,1190,1151,1203,1147],"facilities":[1120,1126,1105],"listing_countries":[1024],"listing_states":[1023,1070],"listing_cities":[944],"listing_areas":[],"class_list":["post-6393","listing","type-listing","status-publish","has-post-thumbnail","hentry","listing_type-house","room_type-entire-place","listing_amenity-coffee-machine","listing_amenity-cooker-hob","listing_amenity-dishwasher","listing_amenity-electric-kettle","listing_amenity-electric-radiators","listing_amenity-free-wifi","listing_amenity-freezer","listing_amenity-fridge","listing_amenity-full-kitchen","listing_amenity-hair-dryer","listing_amenity-iron-ironing-board","listing_amenity-laptop-friendly-workspace","listing_amenity-microwave","listing_amenity-nespresso-machine","listing_amenity-outdoor-dining-area","listing_amenity-outdoor-table-chairs","listing_amenity-pets-not-permitted","listing_amenity-quiet-area","listing_amenity-satellite-tv","listing_amenity-smart-tv","listing_amenity-smoking-not-permitted","listing_amenity-terrace","listing_amenity-toaster","listing_amenity-tv","listing_amenity-washing-machine","listing_amenity-wifi","listing_facility-car-not-necessary","listing_facility-lake-view","listing_facility-paid-public-parking","listing_country-switzerland","listing_state-distretto-di-lugano","listing_state-ticino","listing_city-lugano"],"_links":{"self":[{"href":"https:\/\/mediumterm.ch\/it\/wp-json\/wp\/v2\/listings\/6393","targetHints":{"allow":["GET"]}}],"collection":[{"href":"https:\/\/mediumterm.ch\/it\/wp-json\/wp\/v2\/listings"}],"about":[{"href":"https:\/\/mediumterm.ch\/it\/wp-json\/wp\/v2\/types\/listing"}],"author":[{"embeddable":true,"href":"https:\/\/mediumterm.ch\/it\/wp-json\/wp\/v2\/users\/30"}],"version-history":[{"count":7,"href":"https:\/\/mediumterm.ch\/it\/wp-json\/wp\/v2\/listings\/6393\/revisions"}],"predecessor-version":[{"id":13567,"href":"https:\/\/mediumterm.ch\/it\/wp-json\/wp\/v2\/listings\/6393\/revisions\/13567"}],"wp:featuredmedia":[{"embeddable":true,"href":"https:\/\/mediumterm.ch\/it\/wp-json\/wp\/v2\/media\/10238"}],"wp:attachment":[{"href":"https:\/\/mediumterm.ch\/it\/wp-json\/wp\/v2\/media?parent=6393"}],"wp:term":[{"taxonomy":"listing_type","embeddable":true,"href":"https:\/\/mediumterm.ch\/it\/wp-json\/wp\/v2\/listing_type?post=6393"},{"taxonomy":"room_type","embeddable":true,"href":"https:\/\/mediumterm.ch\/it\/wp-json\/wp\/v2\/room_type?post=6393"},{"taxonomy":"listing_amenity","embeddable":true,"href":"https:\/\/mediumterm.ch\/it\/wp-json\/wp\/v2\/amenities?post=6393"},{"taxonomy":"listing_facility","embeddable":true,"href":"https:\/\/mediumterm.ch\/it\/wp-json\/wp\/v2\/facilities?post=6393"},{"taxonomy":"listing_country","embeddable":true,"href":"https:\/\/mediumterm.ch\/it\/wp-json\/wp\/v2\/listing_countries?post=6393"},{"taxonomy":"listing_state","embeddable":true,"href":"https:\/\/mediumterm.ch\/it\/wp-json\/wp\/v2\/listing_states?post=6393"},{"taxonomy":"listing_city","embeddable":true,"href":"https:\/\/mediumterm.ch\/it\/wp-json\/wp\/v2\/listing_cities?post=6393"},{"taxonomy":"listing_area","embeddable":true,"href":"https:\/\/mediumterm.ch\/it\/wp-json\/wp\/v2\/listing_areas?post=6393"}],"curies":[{"name":"wp","href":"https:\/\/api.w.org\/{rel}","templated":true}]}}

Angelina: Casa con vista panoramica sul lago a Monte Brè | Terrazza e balcone

<p>Ammira il Lago di Lugano dalle alture di Monte Brè in questa villetta a schiera panoramica con vista lago per 4 persone!</p>
<p>Perfetto per un piccolo gruppo, coppie o famiglie, questo tranquillo rifugio con 1 camera da letto è dotato di ogni comfort moderno per garantire una fuga serena. Con ingresso al piano terra, la villetta a schiera è disposta su 3 livelli e presenta interni contemporanei. Al piano terra si trovano la zona pranzo ben attrezzata e la cucina, mentre al primo piano vi è una zona giorno con Smart TV e accesso diretto a un accogliente balcone dove potersi godere il caffè mattutino con una vista mozzafiato sul Lago di Lugano.</p>
<p>Una rampa di scale conduce al livello superiore della casa, dove la camera da letto offre un rifugio confortevole. Nel frattempo, l'affascinante terrazza offre lo spazio ideale per godersi cene all'aperto. Gli ospiti troveranno una serie di comfort, tra cui una macchina da caffè, una lavastoviglie, un forno a microonde, un tostapane e un frigorifero con freezer, per preparare pasti deliziosi ma spensierati durante il loro soggiorno.</p>
<p>Dormire </p>
<p>Camera da letto 1: La camera è arredata con un letto matrimoniale e un armadio<br />
Soggiorno: C'è un divano letto matrimoniale per 2 persone.</p>
<p> Bagno</p>
<p>Bagno 1: Il bagno completo è dotato di doccia e WC.</p>
<p>Ulteriori</p>
<p> • Terrazza privata • Wi-Fi gratuito • Adatto ai bambini • Asciugacapelli • Pranzo all'aperto • Smart TV • 2 lettini prendisole • Parcheggio pubblico gratuito</p>
<p>Nota Bene</p>
<p>Il parcheggio è disponibile sulla piazza nel centro del villaggio a 1 CHF ogni 2 ore dalle 07.00 alle 19.00. Il parcheggio notturno è gratuito. Le tariffe di parcheggio sono flessibili.<br />
Si consiglia di fare la spesa prima di arrivare all'alloggio, poiché non ci sono supermercati a Bré.<br />
Il camino non può essere usato.</p>
<p> Posizione</p>
<p>La proprietà è situata in una strada secondaria in una posizione tranquilla nel villaggio di Brè, che si trova a 800 metri sul livello del mare ed è uno dei villaggi più soleggiati del Ticino. Tuttavia, gli ospiti non sono molto lontani dai servizi della città; l'autobus n. 12 collega Brè al centro di Lugano ogni 30 minuti. La fermata dell'autobus si trova a soli 4 minuti a piedi da qui. Con la Funicolare di Monte Brè, è possibile raggiungere Cassarate con corse ogni 30 minuti, che dista 7 minuti in auto o 25 minuti a piedi (passando per il mozzafiato punto panoramico di Brè) da qui. </p>
<p>Dall'appartamento, il parco, il Museo Wilhelm Schmid, le bancarelle del mercato all'aperto e il Salotto BRÈ e il Grotto Castagneto distano circa 5 minuti a piedi. Durante gli orari di apertura della funicolare, ci sono anche altri due bei ristoranti con terrazza panoramica: il Ristorante Vetta e l'Osteria Funicolare alla Vetta del Monte Brè, raggiungibili in circa 30 minuti a piedi dal paese.</p>
<p>Ci sono anche innumerevoli possibilità per passeggiate ed escursioni nella zona, poiché il Monte Boglia si trova a 2,5 ore, Gandria a 1,5 ore, Cureggia a 40 minuti e la discesa a Lugano a 2 ore. Il villaggio di Brè è anche noto per il suo arredo artistico nel nucleo del paese, con 20 opere d'arte di artisti internazionali. Nella chiesa di San Simone e San Fedele si possono ammirare gli affreschi di Joseph Birò, un famoso artista ungherese.</p>
<p>I negozi più vicini si trovano ai piedi della montagna, a Cassarate (Migros) e Viganello (Coop, Denner, Aldi e Lidl). In 30 minuti di auto si raggiunge Porlezza (Italia) con vari negozi. </p>
<p>L'aeroporto più vicino è l'Aeroporto di Lugano (a 30 minuti di auto), mentre il più vicino aeroporto internazionale è Milano Malpensa, a circa un'ora e 20 minuti di auto.</p>

<p>Soak up Lake Lugano from the heights of Monte Brè at this panoramic lake-view townhouse for 4! Perfect for a small group, couples or family, this tranquil 1-bedroom retreat is equipped with every modern comfort to ensure a serene escape. With the entrance from the ground floor, the townhouse is split into 3 levels and [&hellip;]</p>
